{"id":13118,"date":"2020-10-12T15:04:00","date_gmt":"2020-10-12T15:04:00","guid":{"rendered":"http:\/\/spboguchwala.pl\/?page_id=13118"},"modified":"2026-04-26T15:54:20","modified_gmt":"2026-04-26T15:54:20","slug":"stolowka-2","status":"publish","type":"page","link":"https:\/\/spboguchwala.pl\/?page_id=13118","title":{"rendered":"Sto\u0142\u00f3wka"},"content":{"rendered":"\n<div class=\"wp-block-file\"><a href=\"https:\/\/spboguchwala.pl\/wp-content\/uploads\/2023\/09\/14.09.23-Regulamin-stolowki-2023.pdf\" target=\"_blank\" rel=\"noreferrer noopener\">14.09.23 Regulamin sto\u0142\u00f3wki szkolnej 2023<\/a><\/div>\n\n\n\n<div class=\"wp-block-file\"><a href=\"https:\/\/spboguchwala.pl\/wp-content\/uploads\/2023\/09\/Karta-zgloszenia-obiady-1.docx\" target=\"_blank\" rel=\"noreferrer noopener\">Karta zg\u0142oszenia &#8211; obiady<\/a><\/div>\n\n\n\n<p><strong>Godziny wydawania posi\u0142ku: 11.30 \u2013 13.30<\/strong><\/p>\n\n\n\n<p>Prosimy o dokonywanie op\u0142at do 10-go ka\u017cdego miesi\u0105ca \u201ez g\u00f3ry\u201d za dany miesi\u0105c. Informacja o p\u0142atno\u015bciach za dany miesi\u0105c b\u0119dzie podana sms-em lub w dzienniku elektronicznym.<\/p>\n\n\n\n<p class=\"has-text-align-center has-medium-font-size\"><strong><mark style=\"background-color:rgba(0, 0, 0, 0);color:#cf0d0d\" class=\"has-inline-color\">Nowy numer konta do wp\u0142at nale\u017cno\u015bci za obiady: 42 9163 0009 2001 0000 8864 0044<\/mark><\/strong><\/p>\n\n\n\n<p class=\"has-text-align-left has-medium-font-size\"><strong>Prosimy Rodzic\u00f3w o nie wchodzenie do jadalni podczas wydawania obiad\u00f3w oraz oczekiwanie na dzieci w holu szko\u0142y.<\/strong><\/p>\n\n\n\n<p class=\"has-medium-font-size\"><strong>Przypominamy te\u017c i prosimy o dostosowanie si\u0119 do pro\u015bby:<\/strong><\/p>\n\n\n\n<p>&#8211; Nieobecno\u015b\u0107 uczni\u00f3w na obiedzie powinna by\u0107 zg\u0142oszona osobi\u015bcie lub telefonicznie w sekretariacie szko\u0142y tel. (17) 87-14-438 lub sto\u0142\u00f3wce szkolnej tel. 696-013-895 w <strong>dniu poprzedzaj\u0105cym<\/strong> nieobecno\u015b\u0107 dziecka do godziny <strong>15:00<\/strong>, a <strong>najp\u00f3\u017aniej<\/strong> do godz. <strong>8.00<\/strong> w dniu nieobecno\u015bci dziecka.<\/p>\n\n\n\n<p>&#8211; Zg\u0142oszenie nieobecno\u015bci dziecka jest warunkiem odpisu za niewykorzystany obiad. <strong>Nie nale\u017cy samemu odlicza\u0107 obiad\u00f3w<\/strong>: naliczenia za dany miesi\u0105c b\u0119d\u0105 przekazywane SMS-owo lub informacj\u0105 w dzienniku elektronicznym.<\/p>\n\n\n\n<p>&#8211; Niedokonanie p\u0142atno\u015bci przez <strong>2 miesi\u0105ce <\/strong>skutkuje wstrzymaniem wydawania posi\u0142ku dziecku, co nie uwalnia Rodzica od dokonania wp\u0142aty za zaleg\u0142o\u015bci.<\/p>\n\n\n\n<p>&#8211; Odp\u0142atno\u015b\u0107 za obiady nale\u017cy<strong> bezwzgl\u0119dnie<\/strong> ui\u015bci\u0107 z g\u00f3ry za dany miesi\u0105c do 10 dnia ka\u017cdego miesi\u0105ca na wskazane konto bankowe:<strong> BS Niechobrz 74 9163 0009 2001 0000 8864 0050<\/strong> (stary numer konta)<\/p>\n\n\n\n<p class=\"has-text-align-center has-medium-font-size\"><strong><mark style=\"background-color:rgba(0, 0, 0, 0);color:#cf0d0d\" class=\"has-inline-color\">Nowy numer konta do wp\u0142at nale\u017cno\u015bci za obiady: 42 9163 0009 2001 0000 8864 0044<\/mark><\/strong><\/p>\n\n\n<div class=\"wp-block-image is-resized\">\n<figure class=\"aligncenter size-large\"><img loading=\"lazy\" decoding=\"async\" width=\"1024\" height=\"801\" src=\"https:\/\/spboguchwala.pl\/wp-content\/uploads\/2019\/11\/jad\u0142ospis-1024x801.jpg\" alt=\"\" class=\"wp-image-9904\" style=\"width:703px;height:auto\" srcset=\"https:\/\/spboguchwala.pl\/wp-content\/uploads\/2019\/11\/jad\u0142ospis-1024x801.jpg 1024w, https:\/\/spboguchwala.pl\/wp-content\/uploads\/2019\/11\/jad\u0142ospis-300x235.jpg 300w, https:\/\/spboguchwala.pl\/wp-content\/uploads\/2019\/11\/jad\u0142ospis-768x601.jpg 768w, https:\/\/spboguchwala.pl\/wp-content\/uploads\/2019\/11\/jad\u0142ospis.jpg 1280w\" sizes=\"auto, (max-width: 1024px) 100vw, 1024px\" \/><\/figure><\/div>\n\n\n<p class=\"has-text-align-center has-large-font-size\"><strong>JAD\u0141OSPIS 27.04.2026 \u2014 08.05.2026<\/strong><\/p>\n\n\n\n<figure class=\"wp-block-table\"><table class=\"has-fixed-layout\"><tbody><tr><td>Data<\/td><td>Obiad II danie<\/td><\/tr><tr><td>Poniedzia\u0142ek <br>27.04.<\/td><td><strong>Ry\u017c z kurczakiem, ananasem w sosie s\u0142odko-kwa\u015bnym, kompot \u015bliwkowy<\/strong> <br>Zawiera alergeny: mleko i pro. poch., gluten, seler<\/td><\/tr><tr><td>Wtorek <br>28.04.<\/td><td><strong>Zapiekanka ziemniaczana z mi\u0119sem, pieczark\u0105 i papryk\u0105 pod pierzynk\u0105 serow\u0105, kompot porzeczkowy<\/strong> <br>Zawiera alergeny: mleko i pro. poch., gluten, seler<\/td><\/tr><tr><td>\u015aroda <br>29.04.<\/td><td><strong>\u0141azanki z mi\u0119sem mielonym i mieszan\u0105 kapust\u0105, kompot agrestowy<\/strong> <br>Zawiera alergeny: mleko i pro. poch., gluten, seler<\/td><\/tr><tr><td>Czwartek <br>30.04.<\/td><td><strong>Potrawka drobiowa z kasz\u0105 gryczan\u0105, sa\u0142atka z og\u00f3rka, kompot wi\u015bniowy<\/strong> <br>Zawiera alergeny: mleko i pro. poch., gluten i ziarno, seler<\/td><\/tr><tr><td>Poniedzia\u0142ek <br>04.05.<\/td><td><strong>Makaron z kurczakiem, broku\u0142em w sosie \u015bmietanowym, kompot \u015bliwkowy<\/strong> <br>Zawiera alergeny: mleko i pro. poch., gluten, seler<\/td><\/tr><tr><td>Wtorek <br>05.05.<\/td><td><strong>Nale\u015bniki z serem bia\u0142ym, sa\u0142atka owocowa, kompot porzeczkowy<\/strong> <br>Zawiera alergeny: mleko i pro. poch., gluten, seler, jajka<\/td><\/tr><tr><td>\u015aroda <br>06.05.<\/td><td><strong>Rogate par\u00f3wki z pieca, ziemniaki, kalafior z mas\u0142em i bu\u0142k\u0105 tart\u0105, kompot wi\u015bniowy<\/strong> <br>Zawiera alergeny: mleko i pro. poch., gluten, seler, bia\u0142ko sojowe<\/td><\/tr><tr><td>Czwartek <br>07.05.<\/td><td><strong>Gulasz wieprzowy z kasz\u0105 j\u0119czmienn\u0105, seler z \u017curawin\u0105, kompot agrestowy<\/strong> <br>Zawiera alergeny: mleko i pro. poch., gluten i ziarno, seler, dwutlenek siarki<\/td><\/tr><tr><td>Pi\u0105tek <br>08.05.<\/td><td><strong>Ryba miruna, talarki ziemniaczane z pieca, marchewka z chrzanem, kompot owocowy<\/strong> <br>Zawiera alergeny: mleko i pro. poch., gluten, seler, jajka, ryba<\/td><\/tr><\/tbody><\/table><\/figure>\n\n\n\n<p class=\"has-text-align-right has-medium-font-size\">ZASTRZEGA SI\u0118 MO\u017bLIWO\u015aCI ZMIAN W JAD\u0141OSPISIE!<\/p>\n","protected":false},"excerpt":{"rendered":"<p>Godziny wydawania posi\u0142ku: 11.30 \u2013 13.30 Prosimy o dokonywanie op\u0142at do 10-go ka\u017cdego miesi\u0105ca \u201ez g\u00f3ry\u201d za dany miesi\u0105c. Informacja o p\u0142atno\u015bciach za dany miesi\u0105c b\u0119dzie podana sms-em lub w dzienniku elektronicznym. Nowy numer konta do wp\u0142at nale\u017cno\u015bci za obiady: 42 9163 0009 2001 0000 8864 0044 Prosimy Rodzic\u00f3w o nie wchodzenie do jadalni podczas&#8230;<\/p>\n","protected":false},"author":2,"featured_media":13019,"parent":0,"menu_order":0,"comment_status":"closed","ping_status":"closed","template":"","meta":{"ngg_post_thumbnail":0,"footnotes":""},"class_list":["post-13118","page","type-page","status-publish","has-post-thumbnail","hentry"],"_links":{"self":[{"href":"https:\/\/spboguchwala.pl\/index.php?rest_route=\/wp\/v2\/pages\/13118","targetHints":{"allow":["GET"]}}],"collection":[{"href":"https:\/\/spboguchwala.pl\/index.php?rest_route=\/wp\/v2\/pages"}],"about":[{"href":"https:\/\/spboguchwala.pl\/index.php?rest_route=\/wp\/v2\/types\/page"}],"author":[{"embeddable":true,"href":"https:\/\/spboguchwala.pl\/index.php?rest_route=\/wp\/v2\/users\/2"}],"replies":[{"embeddable":true,"href":"https:\/\/spboguchwala.pl\/index.php?rest_route=%2Fwp%2Fv2%2Fcomments&post=13118"}],"version-history":[{"count":173,"href":"https:\/\/spboguchwala.pl\/index.php?rest_route=\/wp\/v2\/pages\/13118\/revisions"}],"predecessor-version":[{"id":45735,"href":"https:\/\/spboguchwala.pl\/index.php?rest_route=\/wp\/v2\/pages\/13118\/revisions\/45735"}],"wp:featuredmedia":[{"embeddable":true,"href":"https:\/\/spboguchwala.pl\/index.php?rest_route=\/wp\/v2\/media\/13019"}],"wp:attachment":[{"href":"https:\/\/spboguchwala.pl\/index.php?rest_route=%2Fwp%2Fv2%2Fmedia&parent=13118"}],"curies":[{"name":"wp","href":"https:\/\/api.w.org\/{rel}","templated":true}]}}