{"id":14082,"date":"2020-12-07T13:27:30","date_gmt":"2020-12-07T13:27:30","guid":{"rendered":"http:\/\/spboguchwala.pl\/?page_id=14082"},"modified":"2020-12-07T13:30:33","modified_gmt":"2020-12-07T13:30:33","slug":"megamisja-cyfrowa-edukacja-w-naszej-szkole","status":"publish","type":"page","link":"https:\/\/spboguchwala.pl\/?page_id=14082","title":{"rendered":"#MegaMisja \u2013 cyfrowa edukacja w naszej szkole"},"content":{"rendered":"\n<div class=\"wp-block-image\"><figure class=\"aligncenter size-large is-resized\"><img loading=\"lazy\" decoding=\"async\" src=\"https:\/\/spboguchwala.pl\/wp-content\/uploads\/2020\/05\/megamisja-1024x429.jpg\" alt=\"\" class=\"wp-image-12474\" width=\"610\" height=\"254\" srcset=\"https:\/\/spboguchwala.pl\/wp-content\/uploads\/2020\/05\/megamisja-300x126.jpg 300w, https:\/\/spboguchwala.pl\/wp-content\/uploads\/2020\/05\/megamisja.jpg 1170w\" sizes=\"auto, (max-width: 610px) 100vw, 610px\" \/><\/figure><\/div>\n\n\n\n<p>Od wrze\u015bnia uczniowie klasy IIb bior\u0105 udzia\u0142 w projekcie Fundacji Orange #MegaMisja. Jest to cyfrowa edukacja, podczas kt\u00f3rej dzieci w formie zabawy ucz\u0105 si\u0119 zasad bezpiecznego korzystania z Internetu oraz po\u017cytecznego wykorzystywania nowych technologii.<\/p>\n\n\n\n<p>#MegaMisja to program nowoczesnej edukacji, kt\u00f3ry podnosi cyfrowe kompetencje uczni\u00f3w i nauczycieli. Zabawa z g\u0142\u00f3wnymi bohaterami projektu Julk\u0105 i Kub\u0105 to wspania\u0142a przygoda, kt\u00f3ra dostarcza dzieciom wielu wra\u017ce\u0144 i pozytywnych emocji.&nbsp;&nbsp;Dwa poziomy projektu ju\u017c za nami, ale to oczywi\u015bcie nie koniec, przed uczniami kolejne wyzwania.<\/p>\n\n\n\n<div class=\"wp-block-image\"><figure class=\"aligncenter size-large is-resized\"><img loading=\"lazy\" decoding=\"async\" src=\"https:\/\/spboguchwala.pl\/wp-content\/uploads\/2020\/12\/IMG_20201010_234612-1-1024x660.jpg\" alt=\"\" class=\"wp-image-14085\" width=\"628\" height=\"404\" srcset=\"https:\/\/spboguchwala.pl\/wp-content\/uploads\/2020\/12\/IMG_20201010_234612-1-1024x660.jpg 1024w, https:\/\/spboguchwala.pl\/wp-content\/uploads\/2020\/12\/IMG_20201010_234612-1-300x193.jpg 300w, https:\/\/spboguchwala.pl\/wp-content\/uploads\/2020\/12\/IMG_20201010_234612-1-768x495.jpg 768w, https:\/\/spboguchwala.pl\/wp-content\/uploads\/2020\/12\/IMG_20201010_234612-1-1536x990.jpg 1536w, https:\/\/spboguchwala.pl\/wp-content\/uploads\/2020\/12\/IMG_20201010_234612-1-2048x1320.jpg 2048w\" sizes=\"auto, (max-width: 628px) 100vw, 628px\" \/><figcaption>sdr<\/figcaption><\/figure><\/div>\n\n\n\n<div class=\"wp-block-image\"><figure class=\"aligncenter size-large is-resized\"><img loading=\"lazy\" decoding=\"async\" src=\"https:\/\/spboguchwala.pl\/wp-content\/uploads\/2020\/12\/IMG_20201017_225841-1024x1000.jpg\" alt=\"\" class=\"wp-image-14086\" width=\"626\" height=\"609\"\/><\/figure><\/div>\n\n\n\n<div class=\"wp-block-image\"><figure class=\"aligncenter size-large\"><img loading=\"lazy\" decoding=\"async\" width=\"1024\" height=\"768\" src=\"https:\/\/spboguchwala.pl\/wp-content\/uploads\/2020\/12\/IMG_20201026_131316-1024x768.jpg\" alt=\"\" class=\"wp-image-14087\" srcset=\"https:\/\/spboguchwala.pl\/wp-content\/uploads\/2020\/12\/IMG_20201026_131316-1024x768.jpg 1024w, https:\/\/spboguchwala.pl\/wp-content\/uploads\/2020\/12\/IMG_20201026_131316-300x225.jpg 300w, https:\/\/spboguchwala.pl\/wp-content\/uploads\/2020\/12\/IMG_20201026_131316-768x576.jpg 768w, https:\/\/spboguchwala.pl\/wp-content\/uploads\/2020\/12\/IMG_20201026_131316-1536x1152.jpg 1536w, https:\/\/spboguchwala.pl\/wp-content\/uploads\/2020\/12\/IMG_20201026_131316-2048x1536.jpg 2048w, https:\/\/spboguchwala.pl\/wp-content\/uploads\/2020\/12\/IMG_20201026_131316-600x450.jpg 600w, https:\/\/spboguchwala.pl\/wp-content\/uploads\/2020\/12\/IMG_20201026_131316-960x720.jpg 960w\" sizes=\"auto, (max-width: 1024px) 100vw, 1024px\" \/><figcaption>rbt<\/figcaption><\/figure><\/div>\n","protected":false},"excerpt":{"rendered":"<p>Od wrze\u015bnia uczniowie klasy IIb bior\u0105 udzia\u0142 w projekcie Fundacji Orange #MegaMisja. Jest to cyfrowa edukacja, podczas kt\u00f3rej dzieci w formie zabawy ucz\u0105 si\u0119 zasad bezpiecznego korzystania z Internetu oraz po\u017cytecznego wykorzystywania nowych technologii. #MegaMisja to program nowoczesnej edukacji, kt\u00f3ry podnosi cyfrowe kompetencje uczni\u00f3w i nauczycieli. Zabawa z g\u0142\u00f3wnymi bohaterami projektu Julk\u0105 i Kub\u0105 to&#8230;<\/p>\n","protected":false},"author":2,"featured_media":12474,"parent":0,"menu_order":0,"comment_status":"closed","ping_status":"closed","template":"","meta":{"ngg_post_thumbnail":0,"footnotes":""},"class_list":["post-14082","page","type-page","status-publish","has-post-thumbnail","hentry"],"_links":{"self":[{"href":"https:\/\/spboguchwala.pl\/index.php?rest_route=\/wp\/v2\/pages\/14082","targetHints":{"allow":["GET"]}}],"collection":[{"href":"https:\/\/spboguchwala.pl\/index.php?rest_route=\/wp\/v2\/pages"}],"about":[{"href":"https:\/\/spboguchwala.pl\/index.php?rest_route=\/wp\/v2\/types\/page"}],"author":[{"embeddable":true,"href":"https:\/\/spboguchwala.pl\/index.php?rest_route=\/wp\/v2\/users\/2"}],"replies":[{"embeddable":true,"href":"https:\/\/spboguchwala.pl\/index.php?rest_route=%2Fwp%2Fv2%2Fcomments&post=14082"}],"version-history":[{"count":2,"href":"https:\/\/spboguchwala.pl\/index.php?rest_route=\/wp\/v2\/pages\/14082\/revisions"}],"predecessor-version":[{"id":14088,"href":"https:\/\/spboguchwala.pl\/index.php?rest_route=\/wp\/v2\/pages\/14082\/revisions\/14088"}],"wp:featuredmedia":[{"embeddable":true,"href":"https:\/\/spboguchwala.pl\/index.php?rest_route=\/wp\/v2\/media\/12474"}],"wp:attachment":[{"href":"https:\/\/spboguchwala.pl\/index.php?rest_route=%2Fwp%2Fv2%2Fmedia&parent=14082"}],"curies":[{"name":"wp","href":"https:\/\/api.w.org\/{rel}","templated":true}]}}