{"id":15701,"date":"2021-05-03T19:45:05","date_gmt":"2021-05-03T19:45:05","guid":{"rendered":"http:\/\/spboguchwala.pl\/?page_id=15701"},"modified":"2021-06-24T20:21:59","modified_gmt":"2021-06-24T20:21:59","slug":"rok-2019","status":"publish","type":"page","link":"https:\/\/spboguchwala.pl\/?page_id=15701","title":{"rendered":"Procedury 2019"},"content":{"rendered":"\n<div class=\"wp-block-file\"><a href=\"https:\/\/spboguchwala.pl\/wp-content\/uploads\/2021\/06\/28.08.2019-Procedura-przydzial-uczniow-klasy-I.pdf\" target=\"_blank\" rel=\"noreferrer noopener\">28.08.2019 Procedura przydzia\u0142 uczni\u00f3w klasy I<\/a><\/div>\n\n\n\n<div class=\"wp-block-file\"><a href=\"https:\/\/spboguchwala.pl\/wp-content\/uploads\/2020\/05\/28.08-2019-2020-Procedura-przep\u0142yw-informacji-skonwertowany.pdf\" target=\"_blank\" rel=\"noreferrer noopener\">28.08.2019 Procedura przep\u0142yw informacji<\/a><\/div>\n\n\n\n<div class=\"wp-block-file\"><a href=\"https:\/\/spboguchwala.pl\/wp-content\/uploads\/2020\/05\/13.11-2019-2020-PROCEDURA-PRZEBYWANIA-OS\u00d3B-NA-TERENIE-SZKO\u0141Y-skonwertowany.pdf\" target=\"_blank\" rel=\"noreferrer noopener\">13.11.2019 Procedura przebywania os\u00f3b na terenie szko\u0142y<\/a><\/div>\n\n\n\n<div class=\"wp-block-file\"><a href=\"https:\/\/spboguchwala.pl\/wp-content\/uploads\/2020\/05\/13.11-2019-2020-Procedura-zwalniania-uczni\u00f3w-z-zaj\u0119\u0107-lekcyjnych-skonwertowany.pdf\" target=\"_blank\" rel=\"noreferrer noopener\">13.11.2019 Procedura zwalniania uczni\u00f3w z zaj\u0119\u0107 lekcyjnych<\/a><\/div>\n\n\n\n<div class=\"wp-block-file\"><a href=\"https:\/\/spboguchwala.pl\/wp-content\/uploads\/2020\/05\/13.11-2019-2020-Procedury-zagro\u017cenia-zewn\u0119trzne-skonwertowany.pdf\" target=\"_blank\" rel=\"noreferrer noopener\">13.11.2019 Procedury zagro\u017cenia zewn\u0119trzne<\/a><\/div>\n","protected":false},"excerpt":{"rendered":"28.08.2019 Procedura przydzia\u0142 uczni\u00f3w klasy I 28.08.2019 Procedura przep\u0142yw informacji 13.11.2019 Procedura przebywania os\u00f3b na terenie szko\u0142y 13.11.2019 Procedura zwalniania uczni\u00f3w z zaj\u0119\u0107 lekcyjnych 13.11.2019 Procedury zagro\u017cenia zewn\u0119trzne","protected":false},"author":2,"featured_media":8576,"parent":0,"menu_order":0,"comment_status":"closed","ping_status":"closed","template":"","meta":{"ngg_post_thumbnail":0,"footnotes":""},"class_list":["post-15701","page","type-page","status-publish","has-post-thumbnail","hentry"],"_links":{"self":[{"href":"https:\/\/spboguchwala.pl\/index.php?rest_route=\/wp\/v2\/pages\/15701","targetHints":{"allow":["GET"]}}],"collection":[{"href":"https:\/\/spboguchwala.pl\/index.php?rest_route=\/wp\/v2\/pages"}],"about":[{"href":"https:\/\/spboguchwala.pl\/index.php?rest_route=\/wp\/v2\/types\/page"}],"author":[{"embeddable":true,"href":"https:\/\/spboguchwala.pl\/index.php?rest_route=\/wp\/v2\/users\/2"}],"replies":[{"embeddable":true,"href":"https:\/\/spboguchwala.pl\/index.php?rest_route=%2Fwp%2Fv2%2Fcomments&post=15701"}],"version-history":[{"count":6,"href":"https:\/\/spboguchwala.pl\/index.php?rest_route=\/wp\/v2\/pages\/15701\/revisions"}],"predecessor-version":[{"id":16863,"href":"https:\/\/spboguchwala.pl\/index.php?rest_route=\/wp\/v2\/pages\/15701\/revisions\/16863"}],"wp:featuredmedia":[{"embeddable":true,"href":"https:\/\/spboguchwala.pl\/index.php?rest_route=\/wp\/v2\/media\/8576"}],"wp:attachment":[{"href":"https:\/\/spboguchwala.pl\/index.php?rest_route=%2Fwp%2Fv2%2Fmedia&parent=15701"}],"curies":[{"name":"wp","href":"https:\/\/api.w.org\/{rel}","templated":true}]}}