{"id":15703,"date":"2021-05-03T19:45:57","date_gmt":"2021-05-03T19:45:57","guid":{"rendered":"http:\/\/spboguchwala.pl\/?page_id=15703"},"modified":"2021-05-03T20:26:07","modified_gmt":"2021-05-03T20:26:07","slug":"rok-2020-2","status":"publish","type":"page","link":"https:\/\/spboguchwala.pl\/?page_id=15703","title":{"rendered":"Procedury 2020"},"content":{"rendered":"\n<div class=\"wp-block-file\"><a href=\"https:\/\/spboguchwala.pl\/wp-content\/uploads\/2020\/05\/29.01-2019-2020-Procedura-telefony-kom\u00f3rkowe-skonwertowany.pdf\" target=\"_blank\" rel=\"noreferrer noopener\">29.01.2020 Procedura telefony kom\u00f3rkowe<\/a><\/div>\n\n\n\n<div class=\"wp-block-file\"><a href=\"https:\/\/spboguchwala.pl\/wp-content\/uploads\/2020\/06\/Procedura-postepowania-w-czasie-egzaminu-\u00f3smoklasisty.pdf\" target=\"_blank\" rel=\"noreferrer noopener\">02.06.2020 Procedura post\u0119powania w czasie egzaminu \u00f3smoklasisty<\/a><\/div>\n\n\n\n<div class=\"wp-block-file\"><a href=\"https:\/\/spboguchwala.pl\/wp-content\/uploads\/2020\/06\/Procedura-postepowania-w-czasie-egzaminu-\u00f3smoklasisty-Za\u0142\u0105cznik-nr-1-cz.I.pdf\" target=\"_blank\" rel=\"noreferrer noopener\">02.06.2020 Procedura post\u0119powania w czasie egzaminu \u00f3smoklasisty &#8211; Za\u0142\u0105cznik nr 1 cz. I<\/a><\/div>\n\n\n\n<div class=\"wp-block-file\"><a href=\"https:\/\/spboguchwala.pl\/wp-content\/uploads\/2020\/06\/Procedura-postepowania-w-czasie-egzaminu-\u00f3smoklasisty-Za\u0142\u0105cznik-nr-1-cz.II_.pdf\" target=\"_blank\" rel=\"noreferrer noopener\">02.06.2020 Procedura post\u0119powania w czasie egzaminu \u00f3smoklasisty &#8211; Za\u0142\u0105cznik nr 1 cz. II<\/a><\/div>\n\n\n\n<div class=\"wp-block-file\"><a href=\"https:\/\/spboguchwala.pl\/wp-content\/uploads\/2020\/06\/15.06-Za\u0142\u0105cznik-nr-1-Procedura-organizacji-zako\u0144czenia-roku-szkolnego-klas-VIII.pdf\" target=\"_blank\" rel=\"noreferrer noopener\">15.06.2020 Procedura organizacji zako\u0144czenia roku szkolnego klas VIII &#8211; Za\u0142\u0105cznik nr 1<\/a><\/div>\n\n\n\n<div class=\"wp-block-file\"><a href=\"https:\/\/spboguchwala.pl\/wp-content\/uploads\/2020\/06\/15.06-Za\u0142\u0105cznik-nr-2-Procedura-organizacji-zako\u0144czenia-roku-szkolnego-klas-I-VII.pdf\" target=\"_blank\" rel=\"noreferrer noopener\">15.06.2020 Procedura organizacji zako\u0144czenia roku szkolnego klas I-VII &#8211; Za\u0142\u0105cznik nr 2<\/a><\/div>\n\n\n\n<div class=\"wp-block-file\"><a href=\"https:\/\/spboguchwala.pl\/wp-content\/uploads\/2020\/09\/31.08-SP-Boguchwala-COVID19-Bezpiecze\u0144stwo-Procedura-Znowelizowana.pdf\" target=\"_blank\" rel=\"noreferrer noopener\">31.08.2020 Procedury zapewnienia bezpiecze\u0144stwa epidemiologicznego w zwi\u0105zku z wyst\u0105pieniem COVID19<\/a><\/div>\n\n\n\n<div class=\"wp-block-file\"><a href=\"https:\/\/spboguchwala.pl\/wp-content\/uploads\/2020\/09\/Za\u0142\u0105czniki-PROCEDURY-zapewnienia-bezpiecze\u0144stwa-epidemiologicznego-w-zwi\u0105zku-z-wyst\u0105pieniem-COVID-19.pdf\" target=\"_blank\" rel=\"noreferrer noopener\">31.08.2020 Procedury zapewnienia bezpiecze\u0144stwa epidemiologicznego w zwi\u0105zku z wyst\u0105pieniem COVID19 &#8211; Za\u0142\u0105czniki<\/a><\/div>\n","protected":false},"excerpt":{"rendered":"29.01.2020 Procedura telefony kom\u00f3rkowe 02.06.2020 Procedura post\u0119powania w czasie egzaminu \u00f3smoklasisty 02.06.2020 Procedura post\u0119powania w czasie egzaminu \u00f3smoklasisty - Za\u0142\u0105cznik nr 1 cz. I 02.06.2020 Procedura post\u0119powania w czasie egzaminu \u00f3smoklasisty - Za\u0142\u0105cznik nr 1 cz. II 15.06.2020 Procedura organizacji zako\u0144czenia roku szkolnego klas VIII - Za\u0142\u0105cznik nr 1 15.06.2020 Procedura organizacji zako\u0144czenia roku szkolnego...","protected":false},"author":2,"featured_media":8576,"parent":0,"menu_order":0,"comment_status":"closed","ping_status":"closed","template":"","meta":{"ngg_post_thumbnail":0,"footnotes":""},"class_list":["post-15703","page","type-page","status-publish","has-post-thumbnail","hentry"],"_links":{"self":[{"href":"https:\/\/spboguchwala.pl\/index.php?rest_route=\/wp\/v2\/pages\/15703","targetHints":{"allow":["GET"]}}],"collection":[{"href":"https:\/\/spboguchwala.pl\/index.php?rest_route=\/wp\/v2\/pages"}],"about":[{"href":"https:\/\/spboguchwala.pl\/index.php?rest_route=\/wp\/v2\/types\/page"}],"author":[{"embeddable":true,"href":"https:\/\/spboguchwala.pl\/index.php?rest_route=\/wp\/v2\/users\/2"}],"replies":[{"embeddable":true,"href":"https:\/\/spboguchwala.pl\/index.php?rest_route=%2Fwp%2Fv2%2Fcomments&post=15703"}],"version-history":[{"count":4,"href":"https:\/\/spboguchwala.pl\/index.php?rest_route=\/wp\/v2\/pages\/15703\/revisions"}],"predecessor-version":[{"id":15727,"href":"https:\/\/spboguchwala.pl\/index.php?rest_route=\/wp\/v2\/pages\/15703\/revisions\/15727"}],"wp:featuredmedia":[{"embeddable":true,"href":"https:\/\/spboguchwala.pl\/index.php?rest_route=\/wp\/v2\/media\/8576"}],"wp:attachment":[{"href":"https:\/\/spboguchwala.pl\/index.php?rest_route=%2Fwp%2Fv2%2Fmedia&parent=15703"}],"curies":[{"name":"wp","href":"https:\/\/api.w.org\/{rel}","templated":true}]}}