{"id":15705,"date":"2021-05-03T19:46:44","date_gmt":"2021-05-03T19:46:44","guid":{"rendered":"http:\/\/spboguchwala.pl\/?page_id=15705"},"modified":"2021-09-08T20:21:03","modified_gmt":"2021-09-08T20:21:03","slug":"rok-2021-2","status":"publish","type":"page","link":"https:\/\/spboguchwala.pl\/?page_id=15705","title":{"rendered":"Procedury 2021"},"content":{"rendered":"\n<div class=\"wp-block-file\"><a href=\"https:\/\/spboguchwala.pl\/wp-content\/uploads\/2021\/01\/04.01.2021-COVID_19_Procedury_BHP_P\u00f3\u0142kolonie.pdf\" target=\"_blank\" rel=\"noreferrer noopener\">04.01.2021  Procedury BHP P\u00f3\u0142kolonie COVID19<\/a><\/div>\n\n\n\n<div class=\"wp-block-file\"><a href=\"https:\/\/spboguchwala.pl\/wp-content\/uploads\/2021\/01\/18.01-Procedury-zapewnienia-bezpiecze\u0144stwa-epidemiologicznego-w-zwi\u0105zku-z-wyst\u0105pieniem-COVID-19.pdf\" target=\"_blank\" rel=\"noreferrer noopener\">18.01.2021 Procedury zapewnienia bezpiecze\u0144stwa epidemiologicznego w zwi\u0105zku z wyst\u0105pieniem COVID19<\/a><\/div>\n\n\n\n<div class=\"wp-block-file\"><a href=\"https:\/\/spboguchwala.pl\/wp-content\/uploads\/2021\/09\/SP-Boguchwala-Szkola-Podstawowa-COVID-19-Bezpieczenstwo-Procedura-sierpien-2021.pdf\" target=\"_blank\" rel=\"noreferrer noopener\">31.08.2021 Procedura zapewnienia bezpiecze\u0144stwa w zwi\u0105zku z wyst\u0105pieniem COVID-19 <\/a><\/div>\n","protected":false},"excerpt":{"rendered":"04.01.2021 Procedury BHP P\u00f3\u0142kolonie COVID19 18.01.2021 Procedury zapewnienia bezpiecze\u0144stwa epidemiologicznego w zwi\u0105zku z wyst\u0105pieniem COVID19 31.08.2021 Procedura zapewnienia bezpiecze\u0144stwa w zwi\u0105zku z wyst\u0105pieniem COVID-19","protected":false},"author":2,"featured_media":8576,"parent":0,"menu_order":0,"comment_status":"closed","ping_status":"closed","template":"","meta":{"ngg_post_thumbnail":0,"footnotes":""},"class_list":["post-15705","page","type-page","status-publish","has-post-thumbnail","hentry"],"_links":{"self":[{"href":"https:\/\/spboguchwala.pl\/index.php?rest_route=\/wp\/v2\/pages\/15705","targetHints":{"allow":["GET"]}}],"collection":[{"href":"https:\/\/spboguchwala.pl\/index.php?rest_route=\/wp\/v2\/pages"}],"about":[{"href":"https:\/\/spboguchwala.pl\/index.php?rest_route=\/wp\/v2\/types\/page"}],"author":[{"embeddable":true,"href":"https:\/\/spboguchwala.pl\/index.php?rest_route=\/wp\/v2\/users\/2"}],"replies":[{"embeddable":true,"href":"https:\/\/spboguchwala.pl\/index.php?rest_route=%2Fwp%2Fv2%2Fcomments&post=15705"}],"version-history":[{"count":4,"href":"https:\/\/spboguchwala.pl\/index.php?rest_route=\/wp\/v2\/pages\/15705\/revisions"}],"predecessor-version":[{"id":17237,"href":"https:\/\/spboguchwala.pl\/index.php?rest_route=\/wp\/v2\/pages\/15705\/revisions\/17237"}],"wp:featuredmedia":[{"embeddable":true,"href":"https:\/\/spboguchwala.pl\/index.php?rest_route=\/wp\/v2\/media\/8576"}],"wp:attachment":[{"href":"https:\/\/spboguchwala.pl\/index.php?rest_route=%2Fwp%2Fv2%2Fmedia&parent=15705"}],"curies":[{"name":"wp","href":"https:\/\/api.w.org\/{rel}","templated":true}]}}