{"id":19251,"date":"2021-11-24T19:47:40","date_gmt":"2021-11-24T19:47:40","guid":{"rendered":"http:\/\/spboguchwala.pl\/?page_id=19251"},"modified":"2023-05-29T21:15:08","modified_gmt":"2023-05-29T21:15:08","slug":"erasmus","status":"publish","type":"page","link":"https:\/\/spboguchwala.pl\/?page_id=19251","title":{"rendered":"Erasmus+"},"content":{"rendered":"\n<p class=\"has-medium-font-size\"><strong>Tytu\u0142 projektu: CLIL &#8211; nasza szansa na przekroczenie granic&#8230;<\/strong><\/p>\n\n\n\n<p>Szko\u0142a Podstawowa im. gen. Stanis\u0142awa Maczka w Boguchwale do\u0142\u0105czy\u0142a do spo\u0142eczno\u015bci szk\u00f3\u0142 Erasmus+. Ocena merytoryczna z\u0142o\u017conego wniosku da\u0142a naszej szkole bardzo wysokie \u2013 37 miejsce w\u015br\u00f3d wszystkich plac\u00f3wek bior\u0105cych udzia\u0142 w konkursie w sektorze Edukacja szkolna. Zaakceptowany wniosek na kwot\u0119 22 547 euro to ogromna szansa dla nauczycieli naszej szko\u0142y. Dzi\u0119ki temu 7 z nich we\u017amie udzia\u0142 w specjalistycznym szkoleniu j\u0119zykowym odbywaj\u0105cym si\u0119 na Malcie oraz b\u0119dzie mia\u0142o mo\u017cliwo\u015b\u0107 obserwacji pracy plac\u00f3wki partnerskiej w miejscowo\u015bci Batea w Hiszpanii. Jest to szko\u0142a s\u0142yn\u0105ca z realizacji zaj\u0119\u0107 metod\u0105 CLIL, co jest g\u0142\u00f3wnym za\u0142o\u017ceniem projektu. Zaakceptowany wniosek to wspania\u0142y wst\u0119p do uczestnictwa w kolejnych projektach zwi\u0105zanych z realizacj\u0105 mobilno\u015bci uczni\u00f3w do europejskich szk\u00f3\u0142.<\/p>\n\n\n\n<p class=\"has-medium-font-size\"><strong>Pierwsza mobilno\u015b\u0107 nauczycieli &#8211; MALTA<\/strong><\/p>\n\n\n\n<p>W pierwszym tygodniu ferii zimowych siedmioro nauczycieli Szko\u0142y Podstawowej im. gen. Stanis\u0142awa Maczka w Boguchwale uczestniczy\u0142o w tygodniowym kursie szkoleniowym na Malcie. Kurs mia\u0142 na celu zar\u00f3wno podniesienie umiej\u0119tno\u015bci i kompetencji \u2013 poprzez udzia\u0142 uczestnik\u00f3w w kursie j\u0119zyka angielskiego, ale tak\u017ce s\u0142u\u017cy\u0142 zapoznaniu z metod\u0105 zintegrowanego kszta\u0142cenia przedmiotowo \u2013 j\u0119zykowego, okre\u015blan\u0105 jako: CLIL (Content and Language Integrated Learning).<br>Szkolenie odbywa\u0142o si\u0119 w Maltalingua English Language School w St. Julian\u2019s w ramach realizowanego przez szko\u0142\u0119 mi\u0119dzynarodowego projektu: \u201eCLIL \u2013 nasza szansa na przekroczenie granic\u2026\u201d i zosta\u0142o sfinansowane ze \u015brodk\u00f3w Unii Europejskiej we wsp\u00f3\u0142pracy z Fundacj\u0105 Rozwoju Systemu Edukacji.<br>Sze\u015bcioro nauczycieli: Anna Chru\u015bciel, Monika Mla\u015b-Bieniasz, Agata R\u0105pa\u0142a, Renata Swianiewicz, Beata Turek i Paulina Wzi\u0105tka wraz z dyrektorem szko\u0142y Bart\u0142omiejem Wiszem aktywnie uczestniczy\u0142o w codziennych, kilkugodzinnych zaj\u0119ciach prowadzonych przez ekspert\u00f3w \u2013 lektor\u00f3w m.in z Irlandii oraz Wielkiej Brytanii. Dodatkowym, cennym do\u015bwiadczeniem by\u0142a mo\u017cliwo\u015b\u0107 prowadzenia konwersacji w j\u0119zyku angielskim i wymiany do\u015bwiadcze\u0144 zar\u00f3wno z nauczycielami ze szk\u00f3\u0142 o r\u00f3\u017cnych poziomach kszta\u0142cenia jak i przedstawicielami innych zawod\u00f3w. Zwie\u0144czeniem tygodniowego pobytu na kursie by\u0142o uzyskanie Certyfikatu.<br>To pierwszy etap mobilno\u015bci w zakresie rozwoju zawodowego kadry nauczycielskiej. Kolejne ju\u017c wkr\u00f3tce w my\u015bl zasady: &nbsp;'Teachers never stop learning\u2019.<\/p>\n\n\n\n<p>#Erasmus+ #projekt #MyodMaczkaErasmusplus #Malta #Poland #SPBoguchwala<\/p>\n\n\n\nngg_shortcode_0_placeholder\n\n\n\n<p class=\"has-medium-font-size\"><strong>Erasmus+ &#8211; ocena jako\u015bciowa projektu \u201eCLIL &#8211; nasza szansa na przekroczenie granic\u2026\u201d<\/strong><\/p>\n\n\n\n<p>Od kilku lat nasza szko\u0142a pr\u0119\u017cnie dzia\u0142a na mi\u0119dzynarodowej arenie realizator\u00f3w projekt\u00f3w Erasmus+ oraz POWER. Czujemy, \u017ce nasza ci\u0119\u017cka praca jest doceniana przez dzieci, rodzic\u00f3w, nauczycieli, ale te\u017c \u015brodowisko lokalne. Widzimy, \u017ce jest to aktywno\u015b\u0107, kt\u00f3rej brakowa\u0142o w szkole.&nbsp;Wa\u017cnym aspektem realizacji tych dzia\u0142a\u0144 jest ich prawid\u0142owe raportowanie, a w dalszej kolejno\u015bci ocena ze strony Narodowej Agencji. Czujemy dum\u0119 z otrzymanej oceny jako\u015bciowej jednego z naszych projekt\u00f3w. W imieniu ca\u0142ego Zespo\u0142u Projektowego dzi\u0119kujemy wszystkim zaanga\u017cowanym w dzia\u0142ania projektowe oraz&nbsp;zach\u0119camy do lektury.&nbsp;&nbsp;<\/p>\n\n\n\n<p><strong>Podsumowanie oceny jako\u015bciowej&nbsp;&nbsp;<\/strong><\/p>\n\n\n\n<p>Realizacja projektu \u201eCLIL \u2013 nasza szansa na przekroczenie granic\u2026\u201d by\u0142a w pe\u0142ni zgodna z zasadami programu Erasmus+ sektor Edukacja Szkolna, Akcja 1. Informacje zawarte w raporcie s\u0105 jasne i kompletne. Beneficjent zastosowa\u0142 podstawowe zasady okre\u015blone w Standardach jako\u015bci. Beneficjent zastosowa\u0142 Standardy jako\u015bci w celu prawid\u0142owego zarz\u0105dzania mobilno\u015bciami oraz przygotowania uczestnik\u00f3w do mobilno\u015bci. Podzia\u0142 zada\u0144 zosta\u0142 opisany w spos\u00f3b poprawny, dosy\u0107 konkretny. Okre\u015blono poszczeg\u00f3lne dzia\u0142ania oraz osoby odpowiedzialne. Zapewnione zosta\u0142o wsparcie logistyczne adekwatne do skali realizowanego projektu. Uczestnikom zapewniono przygotowanie merytoryczne, organizacyjne oraz j\u0119zykowe. Zrealizowane dzia\u0142ania by\u0142y sp\u00f3jne z celami projektu. G\u0142\u00f3wne dzia\u0142ania projektowe to wyjazdy typu kursy i job shadowing. W ramach projektu odby\u0142o si\u0119 15 mobilno\u015bci kadry. Kurs j\u0119zykowy dla 8 nauczycieli z zakresu pog\u0142\u0119bienia umiej\u0119tno\u015bci j\u0119zykowych wraz z elementami CLIL oraz obserwacja pracy szko\u0142y hiszpa\u0144skiej \u2013 7 nauczycieli. Cele zdefiniowane na etapie sk\u0142adania wniosku zosta\u0142y osi\u0105gni\u0119te. Efekty uczenia si\u0119 zosta\u0142y opisane w spos\u00f3b bardzo szczeg\u00f3\u0142owy. Beneficjent stara\u0142 si\u0119 poda\u0107 przyk\u0142ady zmian, kt\u00f3re dokona\u0142y si\u0119 w szkole wskutek dzia\u0142a\u0144 projektowych. Wp\u0142yw projektu opisano w spos\u00f3b uporz\u0105dkowany, ciekawy i konkretny. Beneficjent przekonuje odbiorc\u0119, \u017ce projekt by\u0142 potrzebny, a dzia\u0142ania realizowane w jego obr\u0119bie mia\u0142y sens i znaczenie i zorientowane by\u0142y nie tylko na og\u00f3lne potrzeby plac\u00f3wki, ale te\u017c uczestnik\u00f3w mobilno\u015bci, czy pozosta\u0142ych os\u00f3b wchodz\u0105cych w sk\u0142ad spo\u0142eczno\u015bci szkolnej. Bardzo ciekawie i realistycznie opisano w raporcie podj\u0119te dzia\u0142ania informacyjno \u2013 promocyjne. Pokazano w tym r\u00f3wnie\u017c dzia\u0142ania maj\u0105ce zapewni\u0107 okre\u015blony wp\u0142yw na m\u0142odzie\u017c. Beneficjent zastosowa\u0142 Standardy jako\u015bci w zakresie dzielenia si\u0119 rezultatami i wiedz\u0105 o programie.<br>Z przyjemno\u015bci\u0105 informujemy, \u017ce Pa\u0144stwa projekt zosta\u0142 uznany za przyk\u0142ad dobrej praktyki i mo\u017ce s\u0142u\u017cy\u0107 innym organizacjom jako \u017ar\u00f3d\u0142o inspiracji.<\/p>\n","protected":false},"excerpt":{"rendered":"<p>Tytu\u0142 projektu: CLIL &#8211; nasza szansa na przekroczenie granic&#8230; Szko\u0142a Podstawowa im. gen. Stanis\u0142awa Maczka w Boguchwale do\u0142\u0105czy\u0142a do spo\u0142eczno\u015bci szk\u00f3\u0142 Erasmus+. Ocena merytoryczna z\u0142o\u017conego wniosku da\u0142a naszej szkole bardzo wysokie \u2013 37 miejsce w\u015br\u00f3d wszystkich plac\u00f3wek bior\u0105cych udzia\u0142 w konkursie w sektorze Edukacja szkolna. Zaakceptowany wniosek na kwot\u0119 22 547 euro to ogromna szansa&#8230;<\/p>\n","protected":false},"author":2,"featured_media":18653,"parent":0,"menu_order":0,"comment_status":"closed","ping_status":"closed","template":"","meta":{"ngg_post_thumbnail":0,"footnotes":""},"class_list":["post-19251","page","type-page","status-publish","has-post-thumbnail","hentry"],"_links":{"self":[{"href":"https:\/\/spboguchwala.pl\/index.php?rest_route=\/wp\/v2\/pages\/19251","targetHints":{"allow":["GET"]}}],"collection":[{"href":"https:\/\/spboguchwala.pl\/index.php?rest_route=\/wp\/v2\/pages"}],"about":[{"href":"https:\/\/spboguchwala.pl\/index.php?rest_route=\/wp\/v2\/types\/page"}],"author":[{"embeddable":true,"href":"https:\/\/spboguchwala.pl\/index.php?rest_route=\/wp\/v2\/users\/2"}],"replies":[{"embeddable":true,"href":"https:\/\/spboguchwala.pl\/index.php?rest_route=%2Fwp%2Fv2%2Fcomments&post=19251"}],"version-history":[{"count":4,"href":"https:\/\/spboguchwala.pl\/index.php?rest_route=\/wp\/v2\/pages\/19251\/revisions"}],"predecessor-version":[{"id":28032,"href":"https:\/\/spboguchwala.pl\/index.php?rest_route=\/wp\/v2\/pages\/19251\/revisions\/28032"}],"wp:featuredmedia":[{"embeddable":true,"href":"https:\/\/spboguchwala.pl\/index.php?rest_route=\/wp\/v2\/media\/18653"}],"wp:attachment":[{"href":"https:\/\/spboguchwala.pl\/index.php?rest_route=%2Fwp%2Fv2%2Fmedia&parent=19251"}],"curies":[{"name":"wp","href":"https:\/\/api.w.org\/{rel}","templated":true}]}}