{"id":21224,"date":"2022-05-09T22:07:42","date_gmt":"2022-05-09T22:07:42","guid":{"rendered":"http:\/\/spboguchwala.pl\/?page_id=21224"},"modified":"2022-05-09T22:07:42","modified_gmt":"2022-05-09T22:07:42","slug":"2021-2022-2","status":"publish","type":"page","link":"https:\/\/spboguchwala.pl\/?page_id=21224","title":{"rendered":"2021\/2022"},"content":{"rendered":"\n<p class=\"has-medium-font-size\"><strong><span style=\"color:#e7040f\" class=\"has-inline-color\">SZKOLNY KONKURS WIEDZY Z OKAZJI DNIA PATRONA<\/span><\/strong><\/p>\n\n\n\n<p>Z przyjemno\u015bci\u0105 informujemy, \u017ce konkurs wiedzy o naszym Patronie gen. Stanis\u0142awie Maczku zosta\u0142 rozstrzygni\u0119ty. Celem konkursu by\u0142o zainteresowanie uczni\u00f3w \u017cyciem tego wybitnego Cz\u0142owieka i Dow\u00f3dcy.<\/p>\n\n\n\n<p>I miejsce \u2013 klasa VIIIa 66 pkt \u2013 nagrod\u0105 dla klasy s\u0105 2 dni bez pytania<br>II miejsce \u2013 klasa VIIIb 65 pkt \u2013 nagroda dla klasy to 1 dzie\u0144 bez pytania<br>III miejsce \u2013 klasa VIIb 64 pkt \u2013 nagrod\u0105 dla klasy jest 1 dzie\u0144 bez pytania<\/p>\n\n\n\n<p>Dzi\u0119kujemy wszystkim uczestnikom, kt\u00f3rzy podj\u0119li wyzwanie i wzi\u0119li udzia\u0142 w konkursie. Zwyci\u0119zcom gratulujemy!!<\/p>\n\n\n\nngg_shortcode_0_placeholder\n\n\n\n<p class=\"has-medium-font-size\"><strong><span style=\"color:#e7040f\" class=\"has-inline-color\">KONKURS SZKOLNY OZDOBA BO\u017bONARODZENIOWA &#8211; WYNIKI<\/span><\/strong><\/p>\n\n\n\n<p>Mamy wielk\u0105 przyjemno\u015b\u0107 og\u0142osi\u0107 zwyci\u0119zc\u00f3w konkursu&nbsp;<strong>OZDOBA BO\u017bONARODZENIOWA 2021<\/strong>! Wybranie tych najpi\u0119kniejszych spo\u015br\u00f3d 38, kt\u00f3re trafi\u0142y do koordynator\u00f3w konkursu, by\u0142o nie lada wyzwaniem!<br>Po d\u0142ugich naradach jury postanowi\u0142o nagrodzi\u0107 nast\u0119puj\u0105cych uczestnik\u00f3w w poszczeg\u00f3lnych kategoriach:<\/p>\n\n\n\n<p><strong>Kategoria&nbsp;<u>klasy 1-3<\/u><\/strong>&nbsp;(zg\u0142oszonych 26 prac)<br>I MIEJSCE: Liwia Kaczmarska (1a), Filip Rozborski (2b)<br>II MIEJSCE: Nikodem Sapa (1c), Julia Cyrek (3a)<br>III MIEJSCE: Igor W\u0142adyka (1a), Filip \u015awieca (1c)<br>Wyr\u00f3\u017cnienia: Anna Jaksan (1a), Milena Jachyra (1b), Zuzanna Surowiec (1c), Nina Szpecht (1c), Dawid Piela (2b), Zofia Karnasiewicz (3a)<\/p>\n\n\n\n<p><strong>Kategoria&nbsp;<u>klasy 4-6<\/u><\/strong>&nbsp;(zg\u0142oszonych 5 prac)<br>I MIEJSCE: Maria Klimczak (4b)<br>II MIEJSCE: Paulina Przywara (4b)<br>III MIEJSCE: Dominik \u017bar\u00f3w (4b)<\/p>\n\n\n\n<p><strong>Kategoria&nbsp;<u>klasy 7-8<\/u><\/strong>&nbsp;(zg\u0142oszonych 7 prac)<br>I MIEJSCE: Katarzyna G\u0142\u00f3d (7b)<br>II MIEJSCE: Maciej Chutkowski (7c)<br>III MIEJSCE: Sebastian Szczepan (8b)<br>Wyr\u00f3\u017cnienia: Oliwia Dziedzic (7a), Andrzej Murdza (7b), Maja Zdun (7b)<\/p>\n\n\n\n<p><strong>ZWYCI\u0118ZCOM SERDECZNIE GRATULUJEMY, A WSZYSTKIM UCZNIOM DZI\u0118KUJEMY ZA UDZIA\u0141 W KONKURSIE.<\/strong><br><strong><u>Nagrody g\u0142\u00f3wne i wyr\u00f3\u017cnienia ufundowane przez RAD\u0118 RODZIC\u00d3W, zostan\u0105 wr\u0119czone uczniom tu\u017c po powrocie do nauki stacjonarnej. Dla pozosta\u0142ych uczestnik\u00f3w przygotowali\u015bmy nagrody pocieszenia.<\/u><\/strong><\/p>\n\n\n\nngg_shortcode_1_placeholder\n\n\n\n<p class=\"has-medium-font-size\"><strong><span style=\"color:#e7040f\" class=\"has-inline-color\">DZIE\u0143 LICZBY \u03c0<\/span><\/strong><\/p>\n\n\n\n<p>14 marca obchodzony jest na \u015bwiecie Dzie\u0144 Liczby \u03c0. W naszej szkole odby\u0142y si\u0119 konkursy:<br>\u00b7 plastyczny na plakat o liczbie Pi<br>\u00b7 quiz wiedzy \u201eCo wiem o liczbie Pi\u201d<br>\u00b7 konkurs (wy\u015bcig pami\u0119ciowy) na znajomo\u015b\u0107 rozwini\u0119cia dziesi\u0119tnego liczy Pi<br>Konkurs plastyczny o liczbie Pi wygra\u0142 ucze\u0144 klasy 7c \u2013 Tymon Hendzel, a wyr\u00f3\u017cnienie otrzyma\u0142a uczennica tej samej klasy Agata Ko\u015bci\u00f3\u0142ek.<br>17 uczni\u00f3w wzi\u0119\u0142o udzia\u0142 w quizie na temat bohaterki tego dnia.<br>Oto zwyci\u0119zcy:<br>I miejsce \u2013 Emilia Wa\u017cna, klasa 7b<br>II miejsce \u2013 Martyna Pr\u0119dka, klasa 7b<br>III miejsce \u2013 Szymon Cios, klasa 8b<br>Liczba Pi ma niesko\u0144czenie wiele cyfr po przecinku. W konkursie na zapami\u0119tanie najd\u0142u\u017cszego rozwini\u0119cia liczby Pi zwyci\u0119zc\u0105 okaza\u0142 si\u0119 Mateusz Witek ucze\u0144 klasy 7b, kt\u00f3ry zapami\u0119ta\u0142 52 cyfry po przecinku.<br>Gratulujemy uczniom wiedzy.<\/p>\n\n\n\nngg_shortcode_2_placeholder\n","protected":false},"excerpt":{"rendered":"<p>SZKOLNY KONKURS WIEDZY Z OKAZJI DNIA PATRONA Z przyjemno\u015bci\u0105 informujemy, \u017ce konkurs wiedzy o naszym Patronie gen. Stanis\u0142awie Maczku zosta\u0142 rozstrzygni\u0119ty. Celem konkursu by\u0142o zainteresowanie uczni\u00f3w \u017cyciem tego wybitnego Cz\u0142owieka i Dow\u00f3dcy. I miejsce \u2013 klasa VIIIa 66 pkt \u2013 nagrod\u0105 dla klasy s\u0105 2 dni bez pytaniaII miejsce \u2013 klasa VIIIb 65 pkt \u2013&#8230;<\/p>\n","protected":false},"author":2,"featured_media":20990,"parent":0,"menu_order":0,"comment_status":"closed","ping_status":"closed","template":"","meta":{"ngg_post_thumbnail":0,"footnotes":""},"class_list":["post-21224","page","type-page","status-publish","has-post-thumbnail","hentry"],"_links":{"self":[{"href":"https:\/\/spboguchwala.pl\/index.php?rest_route=\/wp\/v2\/pages\/21224","targetHints":{"allow":["GET"]}}],"collection":[{"href":"https:\/\/spboguchwala.pl\/index.php?rest_route=\/wp\/v2\/pages"}],"about":[{"href":"https:\/\/spboguchwala.pl\/index.php?rest_route=\/wp\/v2\/types\/page"}],"author":[{"embeddable":true,"href":"https:\/\/spboguchwala.pl\/index.php?rest_route=\/wp\/v2\/users\/2"}],"replies":[{"embeddable":true,"href":"https:\/\/spboguchwala.pl\/index.php?rest_route=%2Fwp%2Fv2%2Fcomments&post=21224"}],"version-history":[{"count":1,"href":"https:\/\/spboguchwala.pl\/index.php?rest_route=\/wp\/v2\/pages\/21224\/revisions"}],"predecessor-version":[{"id":21225,"href":"https:\/\/spboguchwala.pl\/index.php?rest_route=\/wp\/v2\/pages\/21224\/revisions\/21225"}],"wp:featuredmedia":[{"embeddable":true,"href":"https:\/\/spboguchwala.pl\/index.php?rest_route=\/wp\/v2\/media\/20990"}],"wp:attachment":[{"href":"https:\/\/spboguchwala.pl\/index.php?rest_route=%2Fwp%2Fv2%2Fmedia&parent=21224"}],"curies":[{"name":"wp","href":"https:\/\/api.w.org\/{rel}","templated":true}]}}

<p class="has-medium-font-size"><strong><span style="color:#e7040f" class="has-inline-color">SZKOLNY KONKURS WIEDZY Z OKAZJI DNIA PATRONA</span></strong></p>



<p>Z przyjemnością informujemy, że konkurs wiedzy o naszym Patronie gen. Stanisławie Maczku został rozstrzygnięty. Celem konkursu było zainteresowanie uczniów życiem tego wybitnego Człowieka i Dowódcy.</p>



<p>I miejsce – klasa VIIIa 66 pkt – nagrodą dla klasy są 2 dni bez pytania<br>II miejsce – klasa VIIIb 65 pkt – nagroda dla klasy to 1 dzień bez pytania<br>III miejsce – klasa VIIb 64 pkt – nagrodą dla klasy jest 1 dzień bez pytania</p>



<p>Dziękujemy wszystkim uczestnikom, którzy podjęli wyzwanie i wzięli udział w konkursie. Zwycięzcom gratulujemy!!</p>



ngg_shortcode_0_placeholder



<p class="has-medium-font-size"><strong><span style="color:#e7040f" class="has-inline-color">KONKURS SZKOLNY OZDOBA BOŻONARODZENIOWA &#8211; WYNIKI</span></strong></p>



<p>Mamy wielką przyjemność ogłosić zwycięzców konkursu&nbsp;<strong>OZDOBA BOŻONARODZENIOWA 2021</strong>! Wybranie tych najpiękniejszych spośród 38, które trafiły do koordynatorów konkursu, było nie lada wyzwaniem!<br>Po długich naradach jury postanowiło nagrodzić następujących uczestników w poszczególnych kategoriach:</p>



<p><strong>Kategoria&nbsp;<u>klasy 1-3</u></strong>&nbsp;(zgłoszonych 26 prac)<br>I MIEJSCE: Liwia Kaczmarska (1a), Filip Rozborski (2b)<br>II MIEJSCE: Nikodem Sapa (1c), Julia Cyrek (3a)<br>III MIEJSCE: Igor Władyka (1a), Filip Świeca (1c)<br>Wyróżnienia: Anna Jaksan (1a), Milena Jachyra (1b), Zuzanna Surowiec (1c), Nina Szpecht (1c), Dawid Piela (2b), Zofia Karnasiewicz (3a)</p>



<p><strong>Kategoria&nbsp;<u>klasy 4-6</u></strong>&nbsp;(zgłoszonych 5 prac)<br>I MIEJSCE: Maria Klimczak (4b)<br>II MIEJSCE: Paulina Przywara (4b)<br>III MIEJSCE: Dominik Żarów (4b)</p>



<p><strong>Kategoria&nbsp;<u>klasy 7-8</u></strong>&nbsp;(zgłoszonych 7 prac)<br>I MIEJSCE: Katarzyna Głód (7b)<br>II MIEJSCE: Maciej Chutkowski (7c)<br>III MIEJSCE: Sebastian Szczepan (8b)<br>Wyróżnienia: Oliwia Dziedzic (7a), Andrzej Murdza (7b), Maja Zdun (7b)</p>



<p><strong>ZWYCIĘZCOM SERDECZNIE GRATULUJEMY, A WSZYSTKIM UCZNIOM DZIĘKUJEMY ZA UDZIAŁ W KONKURSIE.</strong><br><strong><u>Nagrody główne i wyróżnienia ufundowane przez RADĘ RODZICÓW, zostaną wręczone uczniom tuż po powrocie do nauki stacjonarnej. Dla pozostałych uczestników przygotowaliśmy nagrody pocieszenia.</u></strong></p>



ngg_shortcode_1_placeholder



<p class="has-medium-font-size"><strong><span style="color:#e7040f" class="has-inline-color">DZIEŃ LICZBY π</span></strong></p>



<p>14 marca obchodzony jest na świecie Dzień Liczby π. W naszej szkole odbyły się konkursy:<br>· plastyczny na plakat o liczbie Pi<br>· quiz wiedzy „Co wiem o liczbie Pi”<br>· konkurs (wyścig pamięciowy) na znajomość rozwinięcia dziesiętnego liczy Pi<br>Konkurs plastyczny o liczbie Pi wygrał uczeń klasy 7c – Tymon Hendzel, a wyróżnienie otrzymała uczennica tej samej klasy Agata Kościółek.<br>17 uczniów wzięło udział w quizie na temat bohaterki tego dnia.<br>Oto zwycięzcy:<br>I miejsce – Emilia Ważna, klasa 7b<br>II miejsce – Martyna Prędka, klasa 7b<br>III miejsce – Szymon Cios, klasa 8b<br>Liczba Pi ma nieskończenie wiele cyfr po przecinku. W konkursie na zapamiętanie najdłuższego rozwinięcia liczby Pi zwycięzcą okazał się Mateusz Witek uczeń klasy 7b, który zapamiętał 52 cyfry po przecinku.<br>Gratulujemy uczniom wiedzy.</p>



ngg_shortcode_2_placeholder

<p>SZKOLNY KONKURS WIEDZY Z OKAZJI DNIA PATRONA Z przyjemnością informujemy, że konkurs wiedzy o naszym Patronie gen. Stanisławie Maczku został rozstrzygnięty. Celem konkursu było zainteresowanie uczniów życiem tego wybitnego Człowieka i Dowódcy. I miejsce – klasa VIIIa 66 pkt – nagrodą dla klasy są 2 dni bez pytaniaII miejsce – klasa VIIIb 65 pkt –&#8230;</p>
