{"id":26245,"date":"2023-02-05T16:35:04","date_gmt":"2023-02-05T16:35:04","guid":{"rendered":"http:\/\/spboguchwala.pl\/?page_id=26245"},"modified":"2023-06-07T10:07:50","modified_gmt":"2023-06-07T10:07:50","slug":"2023-2024","status":"publish","type":"page","link":"https:\/\/spboguchwala.pl\/?page_id=26245","title":{"rendered":"2023\/2024"},"content":{"rendered":"\n<div class=\"wp-block-image\"><figure class=\"aligncenter size-large is-resized\"><img loading=\"lazy\" decoding=\"async\" src=\"https:\/\/spboguchwala.pl\/wp-content\/uploads\/2023\/02\/Rekrutacja-1024x683.jpg\" alt=\"\" class=\"wp-image-26260\" width=\"392\" height=\"260\" srcset=\"https:\/\/spboguchwala.pl\/wp-content\/uploads\/2023\/02\/Rekrutacja-1024x683.jpg 1024w, https:\/\/spboguchwala.pl\/wp-content\/uploads\/2023\/02\/Rekrutacja-300x200.jpg 300w, https:\/\/spboguchwala.pl\/wp-content\/uploads\/2023\/02\/Rekrutacja-768x512.jpg 768w, https:\/\/spboguchwala.pl\/wp-content\/uploads\/2023\/02\/Rekrutacja-1536x1024.jpg 1536w, https:\/\/spboguchwala.pl\/wp-content\/uploads\/2023\/02\/Rekrutacja-2048x1365.jpg 2048w\" sizes=\"auto, (max-width: 392px) 100vw, 392px\" \/><\/figure><\/div>\n\n\n\n<div class=\"wp-block-file\"><a href=\"https:\/\/spboguchwala.pl\/wp-content\/uploads\/2023\/06\/Przydzial-dzieci-do-klas-I-rok-szkolny-2023-2024.pdf\" target=\"_blank\" rel=\"noreferrer noopener\">Przydzia\u0142 dzieci do klas I &#8211; rok szkolny 2023\/2024<\/a><\/div>\n\n\n\n<div class=\"wp-block-file\"><a href=\"https:\/\/spboguchwala.pl\/wp-content\/uploads\/2023\/04\/SKM_C224e23042407190.pdf\" target=\"_blank\" rel=\"noreferrer noopener\">Lista kandydat\u00f3w przyj\u0119tych i nieprzyj\u0119tych w post\u0119powaniu rekrutacyjnym do kl. I w roku szkolnym 2023\/2024<\/a><\/div>\n\n\n\n<div class=\"wp-block-file\"><a href=\"https:\/\/spboguchwala.pl\/wp-content\/uploads\/2023\/04\/Lista-kandydatow-przyjetych-i-nieprzyjetych-w-postepowaniu-rekrutacyjnym-do-kl.-I-w-roku-szkolnym-2023-2024.pdf\" target=\"_blank\" rel=\"noreferrer noopener\">05.04 Lista kandydat\u00f3w zakwalifikowanych i niezakwalifikowanych w post\u0119powaniu rekrutacyjnym do kl. I w roku szkolnym 2023\/2024<\/a><\/div>\n\n\n\n<div class=\"wp-block-file\"><a href=\"https:\/\/spboguchwala.pl\/wp-content\/uploads\/2023\/02\/03.02-Regulamin-Rekrutacji-2023-24.pdf\" target=\"_blank\" rel=\"noreferrer noopener\">03.02 REGULAMIN REKRUTACJI do kl. I na rok szkolny 2023-24<\/a><\/div>\n\n\n\n<div class=\"wp-block-file\"><a href=\"https:\/\/spboguchwala.pl\/wp-content\/uploads\/2023\/02\/02.02-Kompletny-Wniosek-o-przyjecie-do-kl.I-2023-2024.docx\" target=\"_blank\" rel=\"noreferrer noopener\">02.02 Kompletny WNIOSEK o przyj\u0119cie do kl. I 2023 2024<\/a><\/div>\n\n\n\n<div class=\"wp-block-file\"><a href=\"https:\/\/spboguchwala.pl\/wp-content\/uploads\/2023\/02\/Zarzadzenie-Burmistrza.pdf\" target=\"_blank\" rel=\"noreferrer noopener\">Zarz\u0105dzenie Burmistrza Boguchwa\u0142y dot. rekrutacji<\/a><\/div>\n\n\n\n<div class=\"wp-block-image\"><figure class=\"aligncenter size-large is-resized\"><img loading=\"lazy\" decoding=\"async\" src=\"https:\/\/spboguchwala.pl\/wp-content\/uploads\/2023\/02\/Nabor-do-klas-I-na-rok-szkolny-20222023-724x1024.jpg\" alt=\"\" class=\"wp-image-26252\" width=\"528\" height=\"746\" srcset=\"https:\/\/spboguchwala.pl\/wp-content\/uploads\/2023\/02\/Nabor-do-klas-I-na-rok-szkolny-20222023-724x1024.jpg 724w, https:\/\/spboguchwala.pl\/wp-content\/uploads\/2023\/02\/Nabor-do-klas-I-na-rok-szkolny-20222023-212x300.jpg 212w, https:\/\/spboguchwala.pl\/wp-content\/uploads\/2023\/02\/Nabor-do-klas-I-na-rok-szkolny-20222023-768x1086.jpg 768w, https:\/\/spboguchwala.pl\/wp-content\/uploads\/2023\/02\/Nabor-do-klas-I-na-rok-szkolny-20222023-1086x1536.jpg 1086w, https:\/\/spboguchwala.pl\/wp-content\/uploads\/2023\/02\/Nabor-do-klas-I-na-rok-szkolny-20222023-1448x2048.jpg 1448w, https:\/\/spboguchwala.pl\/wp-content\/uploads\/2023\/02\/Nabor-do-klas-I-na-rok-szkolny-20222023.jpg 1587w\" sizes=\"auto, (max-width: 528px) 100vw, 528px\" \/><\/figure><\/div>\n","protected":false},"excerpt":{"rendered":"Przydzia\u0142 dzieci do klas I - rok szkolny 2023\/2024 Lista kandydat\u00f3w przyj\u0119tych i nieprzyj\u0119tych w post\u0119powaniu rekrutacyjnym do kl. I w roku szkolnym 2023\/2024 05.04 Lista kandydat\u00f3w zakwalifikowanych i niezakwalifikowanych w post\u0119powaniu rekrutacyjnym do kl. I w roku szkolnym 2023\/2024 03.02 REGULAMIN REKRUTACJI do kl. I na rok szkolny 2023-24 02.02 Kompletny WNIOSEK o przyj\u0119cie...","protected":false},"author":2,"featured_media":26260,"parent":0,"menu_order":0,"comment_status":"closed","ping_status":"closed","template":"","meta":{"ngg_post_thumbnail":0,"footnotes":""},"class_list":["post-26245","page","type-page","status-publish","has-post-thumbnail","hentry"],"_links":{"self":[{"href":"https:\/\/spboguchwala.pl\/index.php?rest_route=\/wp\/v2\/pages\/26245","targetHints":{"allow":["GET"]}}],"collection":[{"href":"https:\/\/spboguchwala.pl\/index.php?rest_route=\/wp\/v2\/pages"}],"about":[{"href":"https:\/\/spboguchwala.pl\/index.php?rest_route=\/wp\/v2\/types\/page"}],"author":[{"embeddable":true,"href":"https:\/\/spboguchwala.pl\/index.php?rest_route=\/wp\/v2\/users\/2"}],"replies":[{"embeddable":true,"href":"https:\/\/spboguchwala.pl\/index.php?rest_route=%2Fwp%2Fv2%2Fcomments&post=26245"}],"version-history":[{"count":8,"href":"https:\/\/spboguchwala.pl\/index.php?rest_route=\/wp\/v2\/pages\/26245\/revisions"}],"predecessor-version":[{"id":28621,"href":"https:\/\/spboguchwala.pl\/index.php?rest_route=\/wp\/v2\/pages\/26245\/revisions\/28621"}],"wp:featuredmedia":[{"embeddable":true,"href":"https:\/\/spboguchwala.pl\/index.php?rest_route=\/wp\/v2\/media\/26260"}],"wp:attachment":[{"href":"https:\/\/spboguchwala.pl\/index.php?rest_route=%2Fwp%2Fv2%2Fmedia&parent=26245"}],"curies":[{"name":"wp","href":"https:\/\/api.w.org\/{rel}","templated":true}]}}