{"id":26488,"date":"2023-03-07T20:10:09","date_gmt":"2023-03-07T20:10:09","guid":{"rendered":"http:\/\/spboguchwala.pl\/?page_id=26488"},"modified":"2023-09-19T15:53:42","modified_gmt":"2023-09-19T15:53:42","slug":"zarzadzenia-2023","status":"publish","type":"page","link":"https:\/\/spboguchwala.pl\/?page_id=26488","title":{"rendered":"Zarz\u0105dzenia 2023"},"content":{"rendered":"\n<div class=\"wp-block-file\"><a href=\"https:\/\/spboguchwala.pl\/wp-content\/uploads\/2023\/03\/Zarzadzenie-02-2023.pdf\" target=\"_blank\" rel=\"noreferrer noopener\">01.03.2023 Zarz\u0105dzenie 02\/2023 Zak\u0142adowy Fundusz \u015awiadcze\u0144 Socjalnych<\/a><\/div>\n\n\n\n<div class=\"wp-block-file\"><a href=\"https:\/\/spboguchwala.pl\/wp-content\/uploads\/2023\/09\/nr-03-03.04.2023-komisja-klasa-I.pdf\" target=\"_blank\" rel=\"noreferrer noopener\">03.04.2023 Zarz\u0105dzenie 03\/2023 Komisja klasa I<\/a><\/div>\n\n\n\n<div class=\"wp-block-file\"><a href=\"https:\/\/spboguchwala.pl\/wp-content\/uploads\/2023\/09\/nr-04-12.06.2023-mobbing.pdf\" target=\"_blank\" rel=\"noreferrer noopener\">12.06.2023 Zarz\u0105dzenie 04\/2023 Mobbing<\/a><\/div>\n\n\n\n<div class=\"wp-block-file\"><a href=\"https:\/\/spboguchwala.pl\/wp-content\/uploads\/2023\/09\/nr-05-14.06.2023-regulamin-konkurs-nauczyciele.pdf\" target=\"_blank\" rel=\"noreferrer noopener\">14.06.2023 Zarz\u0105dzenie 05\/2023 Regulamin &#8211; konkurs nauczyciele<\/a><\/div>\n\n\n\n<div class=\"wp-block-file\"><a href=\"https:\/\/spboguchwala.pl\/wp-content\/uploads\/2023\/09\/nr-06-14.06.2023-regulamin-komisja-konkursowa.pdf\" target=\"_blank\" rel=\"noreferrer noopener\">14.06.2023 Zarz\u0105dzenie 06\/2023 Regulamin &#8211; komisja konkursowa<\/a><\/div>\n\n\n\n<div class=\"wp-block-file\"><a href=\"https:\/\/spboguchwala.pl\/wp-content\/uploads\/2023\/09\/nr-07-23.06.2023-regulamin-komisja-konkursowa.pdf\" target=\"_blank\" rel=\"noreferrer noopener\">23.06.2023 Zarz\u0105dzenie 07\/2023 Regulamin &#8211; komisja konkursowa<\/a><\/div>\n\n\n\n<div class=\"wp-block-file\"><a href=\"https:\/\/spboguchwala.pl\/wp-content\/uploads\/2023\/09\/nr-08-04.09.2023-Organizacja-pracy-szkoly.pdf\" target=\"_blank\" rel=\"noreferrer noopener\">04.09.2023 Zarz\u0105dzenie 08\/2023 Organizacja pracy szko\u0142y<\/a><\/div>\n\n\n\n<div class=\"wp-block-file\"><a href=\"https:\/\/spboguchwala.pl\/wp-content\/uploads\/2023\/09\/nr-09-04.09.2023-Przydzial-prac-stalych-i-dodatkowych.pdf\" target=\"_blank\" rel=\"noreferrer noopener\">04.09.2023 Zarz\u0105dzenie 09\/2023 Przydzia\u0142 prac sta\u0142ych i dodatkowych<\/a><\/div>\n\n\n\n<div class=\"wp-block-file\"><a href=\"https:\/\/spboguchwala.pl\/wp-content\/uploads\/2023\/09\/nr-10-14.09.2023-Plan-Nadzoru-20232024.pdf\" target=\"_blank\" rel=\"noreferrer noopener\">14.09.2023 Zarz\u0105dzenie 10\/2023 Plan Nadzoru 2023\/2024<\/a><\/div>\n\n\n\n<div class=\"wp-block-file\"><a href=\"https:\/\/spboguchwala.pl\/wp-content\/uploads\/2023\/09\/nr-11-14.09-2023-Zarz.-dni-wolne.pdf\" target=\"_blank\" rel=\"noreferrer noopener\">14.09.2023 Zarz\u0105dzenie 11\/2023 Dni wolne<\/a><\/div>\n\n\n\n<div class=\"wp-block-file\"><a href=\"https:\/\/spboguchwala.pl\/wp-content\/uploads\/2023\/09\/nr-12-14.09-2023-Regulamin-stolowki.pdf\" target=\"_blank\" rel=\"noreferrer noopener\">14.09.2023 Zarz\u0105dzenie 12\/2023 Regulamin sto\u0142\u00f3wki<\/a><\/div>\n","protected":false},"excerpt":{"rendered":"01.03.2023 Zarz\u0105dzenie 02\/2023 Zak\u0142adowy Fundusz \u015awiadcze\u0144 Socjalnych 03.04.2023 Zarz\u0105dzenie 03\/2023 Komisja klasa I 12.06.2023 Zarz\u0105dzenie 04\/2023 Mobbing 14.06.2023 Zarz\u0105dzenie 05\/2023 Regulamin - konkurs nauczyciele 14.06.2023 Zarz\u0105dzenie 06\/2023 Regulamin - komisja konkursowa 23.06.2023 Zarz\u0105dzenie 07\/2023 Regulamin - komisja konkursowa 04.09.2023 Zarz\u0105dzenie 08\/2023 Organizacja pracy szko\u0142y 04.09.2023 Zarz\u0105dzenie 09\/2023 Przydzia\u0142 prac sta\u0142ych i dodatkowych 14.09.2023 Zarz\u0105dzenie 10\/2023...","protected":false},"author":2,"featured_media":8576,"parent":0,"menu_order":0,"comment_status":"closed","ping_status":"closed","template":"","meta":{"ngg_post_thumbnail":0,"footnotes":""},"class_list":["post-26488","page","type-page","status-publish","has-post-thumbnail","hentry"],"_links":{"self":[{"href":"https:\/\/spboguchwala.pl\/index.php?rest_route=\/wp\/v2\/pages\/26488","targetHints":{"allow":["GET"]}}],"collection":[{"href":"https:\/\/spboguchwala.pl\/index.php?rest_route=\/wp\/v2\/pages"}],"about":[{"href":"https:\/\/spboguchwala.pl\/index.php?rest_route=\/wp\/v2\/types\/page"}],"author":[{"embeddable":true,"href":"https:\/\/spboguchwala.pl\/index.php?rest_route=\/wp\/v2\/users\/2"}],"replies":[{"embeddable":true,"href":"https:\/\/spboguchwala.pl\/index.php?rest_route=%2Fwp%2Fv2%2Fcomments&post=26488"}],"version-history":[{"count":4,"href":"https:\/\/spboguchwala.pl\/index.php?rest_route=\/wp\/v2\/pages\/26488\/revisions"}],"predecessor-version":[{"id":29411,"href":"https:\/\/spboguchwala.pl\/index.php?rest_route=\/wp\/v2\/pages\/26488\/revisions\/29411"}],"wp:featuredmedia":[{"embeddable":true,"href":"https:\/\/spboguchwala.pl\/index.php?rest_route=\/wp\/v2\/media\/8576"}],"wp:attachment":[{"href":"https:\/\/spboguchwala.pl\/index.php?rest_route=%2Fwp%2Fv2%2Fmedia&parent=26488"}],"curies":[{"name":"wp","href":"https:\/\/api.w.org\/{rel}","templated":true}]}}