{"id":32006,"date":"2024-01-31T13:36:47","date_gmt":"2024-01-31T13:36:47","guid":{"rendered":"http:\/\/spboguchwala.pl\/?page_id=32006"},"modified":"2024-06-08T18:19:30","modified_gmt":"2024-06-08T18:19:30","slug":"2024-2025","status":"publish","type":"page","link":"https:\/\/spboguchwala.pl\/?page_id=32006","title":{"rendered":"2024\/2025"},"content":{"rendered":"\n<div class=\"wp-block-image\"><figure class=\"aligncenter size-large is-resized\"><img loading=\"lazy\" decoding=\"async\" src=\"https:\/\/spboguchwala.pl\/wp-content\/uploads\/2024\/01\/rekrutacja-24-25.jpg\" alt=\"\" class=\"wp-image-32008\" width=\"458\" height=\"304\" srcset=\"https:\/\/spboguchwala.pl\/wp-content\/uploads\/2024\/01\/rekrutacja-24-25.jpg 1024w, https:\/\/spboguchwala.pl\/wp-content\/uploads\/2024\/01\/rekrutacja-24-25-300x200.jpg 300w, https:\/\/spboguchwala.pl\/wp-content\/uploads\/2024\/01\/rekrutacja-24-25-768x512.jpg 768w\" sizes=\"auto, (max-width: 458px) 100vw, 458px\" \/><\/figure><\/div>\n\n\n\n<div class=\"wp-block-file\"><a href=\"https:\/\/spboguchwala.pl\/wp-content\/uploads\/2024\/04\/Lista-uczniow-przyjetych-i-nieprzyjetych-24-25.pdf\" target=\"_blank\" rel=\"noreferrer noopener\">23.04 Lista kandydat\u00f3w przyj\u0119tych i nieprzyj\u0119tych w post\u0119powaniu rekrutacyjnym do kl. I w roku szkolnym 2024\/2025<\/a><\/div>\n\n\n\n<div class=\"wp-block-file\"><a href=\"https:\/\/spboguchwala.pl\/wp-content\/uploads\/2024\/06\/nr-04-11.04.2024-komisja-klasa-I.pdf\" target=\"_blank\" rel=\"noreferrer noopener\">11.04 Zarz\u0105dzenie 04\/2024 Komisja klasa I<\/a><\/div>\n\n\n\n<div class=\"wp-block-file\"><a href=\"https:\/\/spboguchwala.pl\/wp-content\/uploads\/2024\/04\/SKM_C224e24040511260.pdf\" target=\"_blank\" rel=\"noreferrer noopener\">06.04 Lista kandydat\u00f3w zakwalifikowanych i niezakwalifikowanych w post\u0119powaniu rekrutacyjnym do kl. I w roku szkolnym 2024\/2025 <\/a><\/div>\n\n\n\n<div class=\"wp-block-file\"><a href=\"https:\/\/spboguchwala.pl\/wp-content\/uploads\/2024\/01\/29.01-Regulamin-Rekrutacji-2024-2025.pdf\" target=\"_blank\" rel=\"noreferrer noopener\">29.01 REGULAMIN REKRUTACJI do kl. I na rok szkolny 2024 2025<\/a><\/div>\n\n\n\n<div class=\"wp-block-file\"><a href=\"https:\/\/spboguchwala.pl\/wp-content\/uploads\/2024\/01\/29.01-KOMPLETNY-Wniosek-o-przyjecie-do-kl.I-2024-2025.docx\" target=\"_blank\" rel=\"noreferrer noopener\">29.01 Kompletny WNIOSEK o przyj\u0119cie do kl. I 2024 2025<\/a><\/div>\n\n\n\n<div class=\"wp-block-file\"><a href=\"https:\/\/spboguchwala.pl\/wp-content\/uploads\/2024\/03\/zarzadzenie-nr-29.2024-z-dnia-25.01.2024r.-w-sprawie-okreslenia-terminow-przeprowadzenia-postepowania-rekrutacyjnego-do-przedszkoli-i-szkol-podstawowych-1.pdf\" target=\"_blank\" rel=\"noreferrer noopener\">Zarz\u0105dzenie Burmistrza Boguchwa\u0142y dot. rekrutacji<\/a><\/div>\n","protected":false},"excerpt":{"rendered":"23.04 Lista kandydat\u00f3w przyj\u0119tych i nieprzyj\u0119tych w post\u0119powaniu rekrutacyjnym do kl. I w roku szkolnym 2024\/2025 11.04 Zarz\u0105dzenie 04\/2024 Komisja klasa I 06.04 Lista kandydat\u00f3w zakwalifikowanych i niezakwalifikowanych w post\u0119powaniu rekrutacyjnym do kl. I w roku szkolnym 2024\/2025 29.01 REGULAMIN REKRUTACJI do kl. I na rok szkolny 2024 2025 29.01 Kompletny WNIOSEK o przyj\u0119cie do...","protected":false},"author":2,"featured_media":32008,"parent":0,"menu_order":0,"comment_status":"closed","ping_status":"closed","template":"","meta":{"ngg_post_thumbnail":0,"footnotes":""},"class_list":["post-32006","page","type-page","status-publish","has-post-thumbnail","hentry"],"_links":{"self":[{"href":"https:\/\/spboguchwala.pl\/index.php?rest_route=\/wp\/v2\/pages\/32006","targetHints":{"allow":["GET"]}}],"collection":[{"href":"https:\/\/spboguchwala.pl\/index.php?rest_route=\/wp\/v2\/pages"}],"about":[{"href":"https:\/\/spboguchwala.pl\/index.php?rest_route=\/wp\/v2\/types\/page"}],"author":[{"embeddable":true,"href":"https:\/\/spboguchwala.pl\/index.php?rest_route=\/wp\/v2\/users\/2"}],"replies":[{"embeddable":true,"href":"https:\/\/spboguchwala.pl\/index.php?rest_route=%2Fwp%2Fv2%2Fcomments&post=32006"}],"version-history":[{"count":11,"href":"https:\/\/spboguchwala.pl\/index.php?rest_route=\/wp\/v2\/pages\/32006\/revisions"}],"predecessor-version":[{"id":33940,"href":"https:\/\/spboguchwala.pl\/index.php?rest_route=\/wp\/v2\/pages\/32006\/revisions\/33940"}],"wp:featuredmedia":[{"embeddable":true,"href":"https:\/\/spboguchwala.pl\/index.php?rest_route=\/wp\/v2\/media\/32008"}],"wp:attachment":[{"href":"https:\/\/spboguchwala.pl\/index.php?rest_route=%2Fwp%2Fv2%2Fmedia&parent=32006"}],"curies":[{"name":"wp","href":"https:\/\/api.w.org\/{rel}","templated":true}]}}