{"id":39282,"date":"2025-05-06T20:38:01","date_gmt":"2025-05-06T20:38:01","guid":{"rendered":"https:\/\/spboguchwala.pl\/?page_id=39282"},"modified":"2025-06-23T18:13:33","modified_gmt":"2025-06-23T18:13:33","slug":"2024-2025-4","status":"publish","type":"page","link":"https:\/\/spboguchwala.pl\/?page_id=39282","title":{"rendered":"2024\/2025"},"content":{"rendered":"\n<p class=\"has-medium-font-size\"><strong><mark style=\"background-color:rgba(0, 0, 0, 0);color:#f31414\" class=\"has-inline-color\">Gminny konkurs \u201eTu, gdzie si\u0119 urodzi\u0142em i mieszkam od lat\u201d<\/mark><\/strong><\/p>\n\n\n\n<p>Z przyjemno\u015bci\u0105 informujemy, \u017ce gminny konkurs &nbsp;\u201e<strong>Tu, gdzie si\u0119 urodzi\u0142em i mieszkam od lat\u201d<\/strong>&nbsp;zosta\u0142 rozstrzygni\u0119ty! Serdecznie dzi\u0119kujemy wszystkim uczestnikom za nades\u0142ane prace \u2013 ka\u017cda z nich by\u0142a wyj\u0105tkowa i pe\u0142na zaanga\u017cowania. Jury mia\u0142o niezwykle trudne zadanie, poniewa\u017c poziom konkursu by\u0142 bardzo wysoki.<\/p>\n\n\n\n<p>Po burzliwych naradach w kategorii wiekowej klas I-III wy\u0142oniono laureat\u00f3w:<br>I miejsce<strong>:<\/strong>&nbsp;Aleksandra Gajdek \u2013 SP Lutory\u017c, Blanka Ostrowska \u2013 SP Wola Zg\u0142obie\u0144ska<br>II miejsce: Melania Mierzwa \u2013 SP Lutory\u017c, Antonina Szczepek \u2013 SP Wola Zg\u0142obie\u0144ska<br>III miejsce: Julia Czudec \u2013 SP Nos\u00f3wka, Natalia Ryka\u0142a \u2013 SP Mogielnica<br>Wyr\u00f3\u017cnienie: Marlena Trala \u2013 SP Nos\u00f3wka, Malwina Mik \u2013 SP Wola Zg\u0142obie\u0144ska, Weronika Malczy\u0144ska \u2013 SP Nos\u00f3wka<\/p>\n\n\n\n<p>W kategorii klas IV-VI:<br>I miejsce: \u0141ucja Bardzik<br>II miejsce: Matylda Witalec<br>III miejsce: Xenia Turo\u0144<\/p>\n\n\n\n<p>Zadaniem uczni\u00f3w klas VII\u2013VIII, by\u0142o zmierzenie si\u0119 z testem sprawdzaj\u0105cym wiedz\u0119 o historii, geografii, kulturze i tradycjach naszej ma\u0142ej Ojczyzny. Uczestnicy wykazali si\u0119 du\u017c\u0105 wiedz\u0105 i zaanga\u017cowaniem, a rywalizacja by\u0142a bardzo wyr\u00f3wnana.<\/p>\n\n\n\n<p>Po sprawdzeniu wszystkich prac komisja konkursowa wy\u0142oni\u0142a zwyci\u0119zc\u00f3w:<br>I miejsce: Jakub Leszczy\u0144ski z SP Nos\u00f3wka<br>II miejsce: Paulina Przywara z SP Boguchwa\u0142a<br>III miejsce: Bartosz Kawa z SP nr 1 Niechobrz<\/p>\n\n\n\n<p><strong>Gratulujemy wszystkim uczniom i uczennicom, kt\u00f3rzy podj\u0119li wyzwanie uczestniczenia w naszym konkursie!<\/strong><\/p>\n\n\n\n<p>Bardzo dzi\u0119kujemy nauczycielom, rodzicom i opiekunom za Pa\u0144stwa pomoc, wyrozumia\u0142o\u015b\u0107, a przede wszystkim za zaanga\u017cowanie i wsparcie uczni\u00f3w w przygotowaniach do konkursu.<\/p>\n\n\n\n<p>Czujemy si\u0119 zaszczyceni z powodu obecno\u015bci podczas wr\u0119czenia nagr\u00f3d uczestnikom konkursu pani Dyrektor Gminnej Biblioteki Publicznej w Boguchwale \u2013 Anny Wolskiej.<\/p>\n\n\n\n<p>Serdeczne podzi\u0119kowania sk\u0142adamy&nbsp;<strong>Radzie Rodzic\u00f3w<\/strong>&nbsp;oraz&nbsp;<strong>Gminnej Bibliotece Publicznej<\/strong>&nbsp;za wsparcie organizacji konkursu wiedzy i plastycznego&nbsp;<strong>\u201eTu, gdzie si\u0119 urodzi\u0142em i mieszkam od lat\u201d<\/strong>&nbsp;poprzez zakup nagr\u00f3d dla uczestnik\u00f3w.<\/p>\n\n\n\n<p>Dzi\u0119ki Pa\u0144stwa zaanga\u017cowaniu mogli\u015bmy nagrodzi\u0107 uczni\u00f3w za ich trud, pasj\u0119 i wiedz\u0119 o naszej ma\u0142ej Ojczy\u017anie.<br>Doceniamy okazan\u0105 \u017cyczliwo\u015b\u0107 oraz ch\u0119\u0107 wspierania inicjatyw edukacyjnych w naszej spo\u0142eczno\u015bci.<\/p>\n\n\n\nngg_shortcode_0_placeholder\n\n\n\n<p class=\"has-medium-font-size\"><strong><mark style=\"background-color:rgba(0, 0, 0, 0);color:#f31414\" class=\"has-inline-color\">Gminny Konkurs Mitologiczny<\/mark><\/strong><\/p>\n\n\n\n<p>22.05.2025 r. w Szkole Podstawowej im. W\u0142adys\u0142awa Jagie\u0142\u0142y w Niechobrzu, odby\u0142 si\u0119 Gminny Konkurs Mitologiczny, w kt\u00f3rym wzi\u0119\u0142o udzia\u0142 10 uczni\u00f3w z klas V-VII. Konkurs zosta\u0142 przeprowadzony w formie teleturnieju \u201eJeden z Dziesi\u0119ciu\u201d i obejmowa\u0142 znajomo\u015b\u0107 mitologii greckiej, \u017cywotno\u015b\u0107 jej motyw\u00f3w, zwi\u0105zk\u00f3w frazeologicznych oraz postaci. Nasz\u0105 szko\u0142\u0119 reprezentowa\u0142o 2 uczni\u00f3w z klasy Vb: Filip Szostek, kt\u00f3ry zosta\u0142 laureatem drugiego miejsca i Miko\u0142aj Granda, kt\u00f3ry otrzyma\u0142 wyr\u00f3\u017cnienie.<\/p>\n\n\n\n<p>Uczniowie wykazali si\u0119 imponuj\u0105c\u0105 znajomo\u015bci\u0105 mit\u00f3w i kultury staro\u017cytnej Grecji, odpowiedzieli na bardzo trudne pytania, prezentuj\u0105c wyr\u00f3wnany poziom wiedzy.<\/p>\n\n\n\nngg_shortcode_1_placeholder\n\n\n\n<p class=\"has-medium-font-size\"><strong><mark style=\"background-color:rgba(0, 0, 0, 0);color:#f31414\" class=\"has-inline-color\">Sukces uczni\u00f3w klasy 8a w IV Og\u00f3lnopolskiej Olimpiadzie Antysmogowej<\/mark><\/strong><\/p>\n\n\n\n<p>Z wielk\u0105 rado\u015bci\u0105 informujemy, \u017ce Bartosz Sier\u017c\u0119ga oraz Szczepan Hendzel \u2013 uczniowie klasy 8a \u2013 zostali laureatami IV Og\u00f3lnopolskiej Olimpiady Antysmogowej. Olimpiada sk\u0142ada\u0142a si\u0119 z trzech etap\u00f3w i mia\u0142a na celu poszerzenie wiedzy uczni\u00f3w na temat smogu, jego \u017ar\u00f3de\u0142, skutk\u00f3w zdrowotnych oraz sposob\u00f3w przeciwdzia\u0142ania zanieczyszczeniom powietrza.<br>W etapie szkolnym udzia\u0142 wzi\u0119\u0142o 16 uczni\u00f3w z klas 7 i 8. Bartosz i Szczepan z sukcesem przeszli przez kolejne etapy, wykazuj\u0105c si\u0119 du\u017c\u0105 wiedz\u0105 oraz zaanga\u017cowaniem. Za zdobycie tytu\u0142u laureata otrzymali nagrody rzeczowe oraz dodatkowe 3 punkty w rekrutacji do szk\u00f3\u0142 ponadpodstawowych.<br>Og\u00f3lnopolska Olimpiada Antysmogowa, organizowana przez NASK, odbywa si\u0119 pod patronatem Ministra Edukacji, Ministerstwa Cyfryzacji oraz Ministerstwa Klimatu i \u015arodowiska.<br>Koordynatorem olimpiady w naszej szkole by\u0142 Pan Jacek Korab \u2013 nauczyciel informatyki i techniki, kt\u00f3ry przygotowywa\u0142 uczni\u00f3w do udzia\u0142u w konkursie.<br>Serdecznie gratulujemy naszym laureatom i \u017cyczymy dalszych sukces\u00f3w!<\/p>\n\n\n<div class=\"wp-block-image\">\n<figure class=\"aligncenter size-large is-resized\"><img loading=\"lazy\" decoding=\"async\" width=\"1024\" height=\"768\" src=\"https:\/\/spboguchwala.pl\/wp-content\/uploads\/2025\/06\/d01df9bf-bd24-4652-b7e5-6ad6564db939-1024x768.jpeg\" alt=\"\" class=\"wp-image-39979\" style=\"width:731px;height:auto\" srcset=\"https:\/\/spboguchwala.pl\/wp-content\/uploads\/2025\/06\/d01df9bf-bd24-4652-b7e5-6ad6564db939-1024x768.jpeg 1024w, https:\/\/spboguchwala.pl\/wp-content\/uploads\/2025\/06\/d01df9bf-bd24-4652-b7e5-6ad6564db939-300x225.jpeg 300w, https:\/\/spboguchwala.pl\/wp-content\/uploads\/2025\/06\/d01df9bf-bd24-4652-b7e5-6ad6564db939-768x576.jpeg 768w, https:\/\/spboguchwala.pl\/wp-content\/uploads\/2025\/06\/d01df9bf-bd24-4652-b7e5-6ad6564db939-1536x1152.jpeg 1536w, https:\/\/spboguchwala.pl\/wp-content\/uploads\/2025\/06\/d01df9bf-bd24-4652-b7e5-6ad6564db939-600x450.jpeg 600w, https:\/\/spboguchwala.pl\/wp-content\/uploads\/2025\/06\/d01df9bf-bd24-4652-b7e5-6ad6564db939-960x720.jpeg 960w, https:\/\/spboguchwala.pl\/wp-content\/uploads\/2025\/06\/d01df9bf-bd24-4652-b7e5-6ad6564db939.jpeg 2000w\" sizes=\"auto, (max-width: 1024px) 100vw, 1024px\" \/><\/figure><\/div>\n\n<div class=\"wp-block-image\">\n<figure class=\"aligncenter size-large is-resized\"><img loading=\"lazy\" decoding=\"async\" width=\"1024\" height=\"768\" src=\"https:\/\/spboguchwala.pl\/wp-content\/uploads\/2025\/06\/8ab38623-afc0-4e33-b9e3-e2893ad5751b-1024x768.jpeg\" alt=\"\" class=\"wp-image-39980\" style=\"width:734px;height:auto\" srcset=\"https:\/\/spboguchwala.pl\/wp-content\/uploads\/2025\/06\/8ab38623-afc0-4e33-b9e3-e2893ad5751b-1024x768.jpeg 1024w, https:\/\/spboguchwala.pl\/wp-content\/uploads\/2025\/06\/8ab38623-afc0-4e33-b9e3-e2893ad5751b-300x225.jpeg 300w, https:\/\/spboguchwala.pl\/wp-content\/uploads\/2025\/06\/8ab38623-afc0-4e33-b9e3-e2893ad5751b-768x576.jpeg 768w, https:\/\/spboguchwala.pl\/wp-content\/uploads\/2025\/06\/8ab38623-afc0-4e33-b9e3-e2893ad5751b-1536x1152.jpeg 1536w, https:\/\/spboguchwala.pl\/wp-content\/uploads\/2025\/06\/8ab38623-afc0-4e33-b9e3-e2893ad5751b-600x450.jpeg 600w, https:\/\/spboguchwala.pl\/wp-content\/uploads\/2025\/06\/8ab38623-afc0-4e33-b9e3-e2893ad5751b-960x720.jpeg 960w, https:\/\/spboguchwala.pl\/wp-content\/uploads\/2025\/06\/8ab38623-afc0-4e33-b9e3-e2893ad5751b.jpeg 2000w\" sizes=\"auto, (max-width: 1024px) 100vw, 1024px\" \/><\/figure><\/div>\n\n\n<p class=\"has-medium-font-size\"><strong><mark style=\"background-color:rgba(0, 0, 0, 0);color:#f31414\" class=\"has-inline-color\">Sukcesy w konkursach plastycznych<\/mark><\/strong><\/p>\n\n\n\n<p>Mi\u0142o nam poinformowa\u0107 o artystycznych sukcesach naszych uczennic w konkursach plastycznych organizowanych z okazji Dnia Dziecka:<br>Ewa Wrzos &#8211; uczennica kl. 6b znalaz\u0142a si\u0119 w\u015br\u00f3d zwyci\u0119zc\u00f3w II Wojew\u00f3dzkiego Konkursu &#8222;LAURKA DLA MAMY I TATY&#8221; pod patronatem Wicemarsza\u0142ka Wojew\u00f3dztwa Podkarpackiego Karola O\u017c\u00f3g &#8211; zajmuj\u0105c II miejsce w kategorii kl. 4-8.<br>Weronika Tarsa\u0142a &#8211; uczennica kl. 5b zg\u0142osi\u0142a swoj\u0105 prac\u0119 na konkurs plastyczny \u201eOd g\u00f3r do morza \u2013 krajobrazy Polski\u201d organizowany przez Generaln\u0105 Dyrekcj\u0119 Ochrony \u015arodowiska z okazji Dnia Dziecka otrzymuj\u0105c wyr\u00f3\u017cnienie w kategorii wiekowej 11 &#8211; 15 lat.<br>Zdj\u0119cia pochodz\u0105 z facebooka Zespo\u0142u Szk\u00f3\u0142 w Pstr\u0105gowej oraz ze strony:<\/p>\n\n\n\n<p><a href=\"https:\/\/www.gov.pl\/...\/wyniki-konkursu-plastycznego-od...\" target=\"_blank\" rel=\"noreferrer noopener\">https:\/\/www.gov.pl\/&#8230;\/wyniki-konkursu-plastycznego-od&#8230;<\/a><\/p>\n\n\n<div class=\"wp-block-image\">\n<figure class=\"aligncenter size-large is-resized\"><img loading=\"lazy\" decoding=\"async\" width=\"1024\" height=\"724\" src=\"https:\/\/spboguchwala.pl\/wp-content\/uploads\/2025\/06\/konkurs-plastyczny-1024x724.jpg\" alt=\"\" class=\"wp-image-40031\" style=\"width:842px;height:auto\" srcset=\"https:\/\/spboguchwala.pl\/wp-content\/uploads\/2025\/06\/konkurs-plastyczny-1024x724.jpg 1024w, https:\/\/spboguchwala.pl\/wp-content\/uploads\/2025\/06\/konkurs-plastyczny-300x212.jpg 300w, https:\/\/spboguchwala.pl\/wp-content\/uploads\/2025\/06\/konkurs-plastyczny-768x543.jpg 768w, https:\/\/spboguchwala.pl\/wp-content\/uploads\/2025\/06\/konkurs-plastyczny-1536x1086.jpg 1536w, https:\/\/spboguchwala.pl\/wp-content\/uploads\/2025\/06\/konkurs-plastyczny.jpg 1920w\" sizes=\"auto, (max-width: 1024px) 100vw, 1024px\" \/><\/figure><\/div>\n\n\n<p class=\"has-medium-font-size\"><strong><mark style=\"background-color:rgba(0, 0, 0, 0);color:#f31414\" class=\"has-inline-color\">Sukcesy naszych uczni\u00f3w w konkursie matematycznym KANGUR 2025<\/mark><\/strong><\/p>\n\n\n\n<p>20 <a><\/a>marca 2025 odby\u0142a si\u0119 kolejna, ju\u017c XXXIV edycja Mi\u0119dzynarodowego Konkursu Kangur Matematyczny.<\/p>\n\n\n\n<p>Jest to najpopularniejszy szkolny konkurs matematyczny na \u015bwiecie. Uczniowie musz\u0105 si\u0119 w nim wykaza\u0107 przede wszystkim umiej\u0119tno\u015bci\u0105 matematycznego my\u015blenia oraz rozwi\u0105zywania zada\u0144 o r\u00f3\u017cnym stopniu trudno\u015bci. W konkursie wzi\u0119\u0142o udzia\u0142 56 uczni\u00f3w naszej szko\u0142y. W kategorii:<br>\u00b7\u017baczek (klasy 2 SP) \u2013 8 uczni\u00f3w<br>\u00b7Maluch (klasy 3-4 SP) \u2013 20 uczni\u00f3w<br>\u00b7Beniamin (klasy 5\u20136 SP) &#8211; 21 uczni\u00f3w<br>\u00b7Kadet (klasy 7\u20138 SP) \u2013 7 uczni\u00f3w<br>Ka\u017cdy uczestnik konkursu otrzyma\u0142 kangurow\u0105 kostk\u0119 3x3x3.<br>Z przyjemno\u015bci\u0105 informujemy, \u017ce w tym presti\u017cowym konkursie dw\u00f3ch uczni\u00f3w zdoby\u0142o wynik bardzo dobry:<br>&#8211; PASTWA JAN kategoria Maluch (opiekun Beata Turek)<br>&#8211; PASTWA JERZY kategoria Beniamin (opiekun Renata Pierzcha\u0142a)<br>Wyr\u00f3\u017cnienie uzyskali:<br>&#8211; CHMIEL TOMASZ kategoria \u017baczek (opiekun Paulina Kubicz)<br>&#8211; ROJEK MATEUSZ kategoria \u017baczek (opiekun Anna Pa\u015bko)<br>&#8211; TROJANOWSKI FABIAN kategoria \u017baczek (opiekun Paulina Kubicz)<br>&#8211; ANGOWSKI JAN kategoria Beniamin (opiekun Renata Pierzcha\u0142a)<br>&#8211; KUTER MAKSYMILIAN kategoria Kadet (opiekun Monika Mla\u015b \u2013 Bieniasz)<\/p>\n\n\n\n<p>Gratulujemy nagrodzonym i \u017cyczymy kolejnych sukces\u00f3w.<br>szkolny koordynator konkursu &#8211; Anna Bo\u017cek<\/p>\n\n\n\nngg_shortcode_2_placeholder\n\n\n\n<p class=\"has-medium-font-size\"><strong><mark style=\"background-color:rgba(0, 0, 0, 0);color:#f31414\" class=\"has-inline-color\">Sukces naszych uczni\u00f3w w grze miejskiej!<\/mark><\/strong><\/p>\n\n\n\n<p>Z <a><\/a>ogromn\u0105 rado\u015bci\u0105 informujemy, \u017ce dru\u017cyna naszych uczni\u00f3w z klasy 3a, w sk\u0142adzie Igor Bieniek, Kamil Karwat, Jan P\u0142ocica oraz Bartosz \u015al\u0119czka, zdoby\u0142a III miejsce w grze miejskiej \u201eTajemnice Boguchwa\u0142y: \u015aladem Zaginionego Manuskryptu\u201d, kt\u00f3ra odby\u0142a si\u0119 8 czerwca 2025 roku.<\/p>\n\n\n\n<p>Organizatorem wydarzenia by\u0142a Gminna Biblioteka Publiczna w Boguchwale, a jego celem by\u0142o rozwijanie logicznego i kreatywnego my\u015blenia, umiej\u0119tno\u015bci wsp\u00f3\u0142pracy w grupie oraz odkrywanie lokalnej historii i kultury poprzez interaktywn\u0105 zabaw\u0119 terenow\u0105. Uczestnicy poruszali si\u0119 po wyznaczonych punktach miasta, rozwi\u0105zuj\u0105c zadania, by odnale\u017a\u0107 \u015blady prowadz\u0105ce do zaginionego manuskryptu. Nasi uczniowie wykazali si\u0119 du\u017c\u0105 wiedz\u0105, sprytem i doskona\u0142\u0105 wsp\u00f3\u0142prac\u0105.<\/p>\n\n\n\n<p>Gratulacje i wyrazy uznania przekaza\u0142 uczniom Pan Dyrektor Artur Bilski.<\/p>\n\n\n\nngg_shortcode_3_placeholder\n\n\n\n<p class=\"has-medium-font-size\"><strong><mark style=\"background-color:rgba(0, 0, 0, 0);color:#f31414\" class=\"has-inline-color\">Wyniki Konkursu Przyrodniczego &#8222;\u015awietlik&#8221;<\/mark><\/strong><\/p>\n\n\n\n<p>Z <a><\/a>rado\u015bci\u0105 informujemy, \u017ce nasi uczniowie z sukcesem wzi\u0119li udzia\u0142 w og\u00f3lnopolskim konkursie przyrodniczym \u201e\u015awietlik\u201d!<\/p>\n\n\n\n<p>Z dum\u0105 og\u0142aszamy zdobywc\u00f3w:<\/p>\n\n\n\n<p>Nagroda:<br>Jan Pastwa klasa 3a<\/p>\n\n\n\n<p>Wyr\u00f3\u017cnienia:<br>Grzegorz Tr\u0105d klasa 1c<br>Tomasz Chmiel klasa 2b<br>Jakub Borowiec klasa 2c<br>Tymon So\u015bnicki klasa 3a<br>Jerzy Pastwa klasa 6c<\/p>\n\n\n\n<p>Serdecznie gratulujemy wszystkim uczestnikom!<\/p>\n\n\n\nngg_shortcode_4_placeholder\n\n\n\n<p class=\"has-medium-font-size\"><strong><mark style=\"background-color:rgba(0, 0, 0, 0);color:#f31414\" class=\"has-inline-color\">Gminny Konkurs &#8222;Poczt\u00f3wka z Boguchwa\u0142y&#8221;<\/mark><\/strong><\/p>\n\n\n\n<p>Magdalena Drozd z klasy 1d zaj\u0119\u0142a II miejsce w Gminnym Konkursie &#8222;Poczt\u00f3wka z Boguchwa\u0142y&#8221;.<\/p>\n\n\n\n<p>Gratulujemy!<\/p>\n\n\n\nngg_shortcode_5_placeholder\n\n\n\n<p class=\"has-medium-font-size\"><strong><mark style=\"background-color:rgba(0, 0, 0, 0);color:#f31414\" class=\"has-inline-color\">Amatorska Liga Speed Slalomu<\/mark><\/strong><\/p>\n\n\n\n<p>Alicja \u015awieca uczennica klasy 1c zdoby\u0142a III miejsce podczas drugich zawod\u00f3w Amatorskiej Ligi Speed Slalomu. Zawody odby\u0142y si\u0119 8 czerwca br. w Rzeszowie. Alicja od dw\u00f3ch lat trenuje jazd\u0119 na rolkach, w ubieg\u0142ym roku sklasyfikowano j\u0105 na III miejscu w ca\u0142ej lidze, kt\u00f3ra sk\u0142ada si\u0119 z czterech zawod\u00f3w.<\/p>\n\n\n\n<p>Gratulujemy!<\/p>\n\n\n\nngg_shortcode_6_placeholder\n\n\n\n<p class=\"has-medium-font-size\"><strong><mark style=\"background-color:rgba(0, 0, 0, 0);color:#f31414\" class=\"has-inline-color\">Z rado\u015bci\u0105 informujemy o czerwcowych sukcesach artystycznych uczennic klas starszych<\/mark><\/strong><\/p>\n\n\n\n<p>1. W gminnym konkursie \u201eWODA TO SKARB \u2013 OSZCZ\u0118DZAJ Z HUMOREM\u201d organizowanym przez Sp\u00f3\u0142k\u0119 GOKOM i Gmin\u0119 Boguchwa\u0142a \u2013 Natalia Mazur, uczennica kl. 4b, uzyska\u0142a 1 miejsce!<br>2. W VI edycji gminnego konkursu plastycznego \u201ePoczt\u00f3wka z Boguchwa\u0142y\u201d uczennica kl. 7c \u2013 Marlena R\u00f3g uzyska\u0142a 3 miejsce (kat. kl. 7-8), a Emilia Mazur z kl. 7b i Natalia Mazur z kl. 4b otrzyma\u0142y wyr\u00f3\u017cnienia w swoich kategoriach wiekowych (kat. kl. 7-8 i kat. kl. 4-8).<br>Serdecznie gratulujemy sukces\u00f3w \u017cycz\u0105c tw\u00f3rczych pomys\u0142\u00f3w i dalszej motywacji w rozwoju swoich pasji.<\/p>\n\n\n\nngg_shortcode_7_placeholder\n","protected":false},"excerpt":{"rendered":"<p>Gminny konkurs \u201eTu, gdzie si\u0119 urodzi\u0142em i mieszkam od lat\u201d Z przyjemno\u015bci\u0105 informujemy, \u017ce gminny konkurs &nbsp;\u201eTu, gdzie si\u0119 urodzi\u0142em i mieszkam od lat\u201d&nbsp;zosta\u0142 rozstrzygni\u0119ty! Serdecznie dzi\u0119kujemy wszystkim uczestnikom za nades\u0142ane prace \u2013 ka\u017cda z nich by\u0142a wyj\u0105tkowa i pe\u0142na zaanga\u017cowania. Jury mia\u0142o niezwykle trudne zadanie, poniewa\u017c poziom konkursu by\u0142 bardzo wysoki. Po burzliwych naradach&#8230;<\/p>\n","protected":false},"author":2,"featured_media":20991,"parent":0,"menu_order":0,"comment_status":"closed","ping_status":"closed","template":"","meta":{"ngg_post_thumbnail":0,"footnotes":""},"class_list":["post-39282","page","type-page","status-publish","has-post-thumbnail","hentry"],"_links":{"self":[{"href":"https:\/\/spboguchwala.pl\/index.php?rest_route=\/wp\/v2\/pages\/39282","targetHints":{"allow":["GET"]}}],"collection":[{"href":"https:\/\/spboguchwala.pl\/index.php?rest_route=\/wp\/v2\/pages"}],"about":[{"href":"https:\/\/spboguchwala.pl\/index.php?rest_route=\/wp\/v2\/types\/page"}],"author":[{"embeddable":true,"href":"https:\/\/spboguchwala.pl\/index.php?rest_route=\/wp\/v2\/users\/2"}],"replies":[{"embeddable":true,"href":"https:\/\/spboguchwala.pl\/index.php?rest_route=%2Fwp%2Fv2%2Fcomments&post=39282"}],"version-history":[{"count":14,"href":"https:\/\/spboguchwala.pl\/index.php?rest_route=\/wp\/v2\/pages\/39282\/revisions"}],"predecessor-version":[{"id":40288,"href":"https:\/\/spboguchwala.pl\/index.php?rest_route=\/wp\/v2\/pages\/39282\/revisions\/40288"}],"wp:featuredmedia":[{"embeddable":true,"href":"https:\/\/spboguchwala.pl\/index.php?rest_route=\/wp\/v2\/media\/20991"}],"wp:attachment":[{"href":"https:\/\/spboguchwala.pl\/index.php?rest_route=%2Fwp%2Fv2%2Fmedia&parent=39282"}],"curies":[{"name":"wp","href":"https:\/\/api.w.org\/{rel}","templated":true}]}}