{"id":44091,"date":"2026-01-30T18:49:39","date_gmt":"2026-01-30T18:49:39","guid":{"rendered":"https:\/\/spboguchwala.pl\/?page_id=44091"},"modified":"2026-04-22T18:54:52","modified_gmt":"2026-04-22T18:54:52","slug":"2026-2027","status":"publish","type":"page","link":"https:\/\/spboguchwala.pl\/?page_id=44091","title":{"rendered":"2026\/2027"},"content":{"rendered":"<div class=\"wp-block-image\">\n<figure class=\"aligncenter size-large is-resized\"><img loading=\"lazy\" decoding=\"async\" width=\"1024\" height=\"683\" src=\"https:\/\/spboguchwala.pl\/wp-content\/uploads\/2026\/01\/rekrutacja-26-27-1024x683.jpg\" alt=\"\" class=\"wp-image-44092\" style=\"width:555px;height:auto\" srcset=\"https:\/\/spboguchwala.pl\/wp-content\/uploads\/2026\/01\/rekrutacja-26-27-1024x683.jpg 1024w, https:\/\/spboguchwala.pl\/wp-content\/uploads\/2026\/01\/rekrutacja-26-27-300x200.jpg 300w, https:\/\/spboguchwala.pl\/wp-content\/uploads\/2026\/01\/rekrutacja-26-27-768x512.jpg 768w, https:\/\/spboguchwala.pl\/wp-content\/uploads\/2026\/01\/rekrutacja-26-27-1536x1024.jpg 1536w, https:\/\/spboguchwala.pl\/wp-content\/uploads\/2026\/01\/rekrutacja-26-27-2048x1365.jpg 2048w\" sizes=\"auto, (max-width: 1024px) 100vw, 1024px\" \/><\/figure><\/div>\n\n<div class=\"wp-block-image\">\n<figure class=\"aligncenter size-large is-resized\"><img loading=\"lazy\" decoding=\"async\" width=\"1024\" height=\"811\" src=\"https:\/\/spboguchwala.pl\/wp-content\/uploads\/2026\/01\/Komunikat-nabor-2026-1024x811.jpg\" alt=\"\" class=\"wp-image-44093\" style=\"width:739px;height:auto\" srcset=\"https:\/\/spboguchwala.pl\/wp-content\/uploads\/2026\/01\/Komunikat-nabor-2026-1024x811.jpg 1024w, https:\/\/spboguchwala.pl\/wp-content\/uploads\/2026\/01\/Komunikat-nabor-2026-300x238.jpg 300w, https:\/\/spboguchwala.pl\/wp-content\/uploads\/2026\/01\/Komunikat-nabor-2026-768x608.jpg 768w, https:\/\/spboguchwala.pl\/wp-content\/uploads\/2026\/01\/Komunikat-nabor-2026-1536x1217.jpg 1536w, https:\/\/spboguchwala.pl\/wp-content\/uploads\/2026\/01\/Komunikat-nabor-2026-2048x1622.jpg 2048w\" sizes=\"auto, (max-width: 1024px) 100vw, 1024px\" \/><\/figure><\/div>\n\n\n<div class=\"wp-block-file\"><a id=\"wp-block-file--media-087fe0a9-eb74-49a0-959f-066eb8ed8566\" href=\"https:\/\/spboguchwala.pl\/wp-content\/uploads\/2026\/04\/Lista-kandydatAlw-przyjA_tych-do-klas-pierwszych-2026-2027.pdf\" target=\"_blank\" rel=\"noreferrer noopener\">22.04 Lista kandydat\u00f3w przyj\u0119tych do klas pierwszych w roku szkolnym 2026\/2027<\/a><\/div>\n\n\n\n<div class=\"wp-block-file\"><a id=\"wp-block-file--media-cc819cc1-80b3-4ffa-8a82-3a7cf0017647\" href=\"https:\/\/spboguchwala.pl\/wp-content\/uploads\/2026\/04\/Lista-kandydatAlw-zakwalifikowanych-do-klas-pierwszych-2026-2027.pdf\" target=\"_blank\" rel=\"noreferrer noopener\">07.04 Lista kandydat\u00f3w zakwalifikowanych w post\u0119powaniu rekrutacyjnym do kl. I w roku szkolnym 2026 2027<\/a><\/div>\n\n\n\n<div class=\"wp-block-file\"><a id=\"wp-block-file--media-3434e58f-5901-4758-ac90-32a32f118e3e\" href=\"https:\/\/spboguchwala.pl\/wp-content\/uploads\/2026\/01\/KOMPLETNY-Wniosek-o-przyjA\u0099cie-do-kl.I-2026-2027.docx\" target=\"_blank\" rel=\"noreferrer noopener\">KOMPLETNY Wniosek o przyj\u0119cie do kl.I 2026\/2027<\/a><\/div>\n\n\n\n<div class=\"wp-block-file\"><a id=\"wp-block-file--media-2cb930ae-b83a-47af-a628-a05c4c807a28\" href=\"https:\/\/spboguchwala.pl\/wp-content\/uploads\/2026\/01\/Regulamin-Rekrutacji-2026-2027.pdf\" target=\"_blank\" rel=\"noreferrer noopener\">Regulamin Rekrutacji do kl. I na rok szkolny 2026\/2027<\/a><\/div>\n","protected":false},"excerpt":{"rendered":"22.04 Lista kandydat\u00f3w przyj\u0119tych do klas pierwszych w roku szkolnym 2026\/2027 07.04 Lista kandydat\u00f3w zakwalifikowanych w post\u0119powaniu rekrutacyjnym do kl. I w roku szkolnym 2026 2027 KOMPLETNY Wniosek o przyj\u0119cie do kl.I 2026\/2027 Regulamin Rekrutacji do kl. I na rok szkolny 2026\/2027","protected":false},"author":2,"featured_media":44092,"parent":0,"menu_order":0,"comment_status":"closed","ping_status":"closed","template":"","meta":{"ngg_post_thumbnail":0,"footnotes":""},"class_list":["post-44091","page","type-page","status-publish","has-post-thumbnail","hentry"],"_links":{"self":[{"href":"https:\/\/spboguchwala.pl\/index.php?rest_route=\/wp\/v2\/pages\/44091","targetHints":{"allow":["GET"]}}],"collection":[{"href":"https:\/\/spboguchwala.pl\/index.php?rest_route=\/wp\/v2\/pages"}],"about":[{"href":"https:\/\/spboguchwala.pl\/index.php?rest_route=\/wp\/v2\/types\/page"}],"author":[{"embeddable":true,"href":"https:\/\/spboguchwala.pl\/index.php?rest_route=\/wp\/v2\/users\/2"}],"replies":[{"embeddable":true,"href":"https:\/\/spboguchwala.pl\/index.php?rest_route=%2Fwp%2Fv2%2Fcomments&post=44091"}],"version-history":[{"count":7,"href":"https:\/\/spboguchwala.pl\/index.php?rest_route=\/wp\/v2\/pages\/44091\/revisions"}],"predecessor-version":[{"id":45658,"href":"https:\/\/spboguchwala.pl\/index.php?rest_route=\/wp\/v2\/pages\/44091\/revisions\/45658"}],"wp:featuredmedia":[{"embeddable":true,"href":"https:\/\/spboguchwala.pl\/index.php?rest_route=\/wp\/v2\/media\/44092"}],"wp:attachment":[{"href":"https:\/\/spboguchwala.pl\/index.php?rest_route=%2Fwp%2Fv2%2Fmedia&parent=44091"}],"curies":[{"name":"wp","href":"https:\/\/api.w.org\/{rel}","templated":true}]}}